CRAN Package Check Results for Package netcom

Last updated on 2023-09-25 12:01:45 CEST.

Flavor Version Tinstall Tcheck Ttotal Status Flags
r-devel-linux-x86_64-debian-clang 2.1.6 6.32 366.30 372.62 OK
r-devel-linux-x86_64-debian-gcc 2.1.6 6.58 266.23 272.81 OK
r-devel-linux-x86_64-fedora-clang 2.1.6 437.58 NOTE
r-devel-linux-x86_64-fedora-gcc 2.1.6 501.14 NOTE
r-devel-windows-x86_64 2.1.6 9.00 260.00 269.00 OK
r-patched-linux-x86_64 2.1.6 8.58 350.75 359.33 OK
r-release-linux-x86_64 2.1.6 5.06 357.59 362.65 OK
r-release-macos-arm64 2.1.6 128.00 OK
r-release-macos-x86_64 2.1.6 200.00 OK
r-release-windows-x86_64 2.1.6 10.00 344.00 354.00 OK
r-oldrel-macos-arm64 2.1.6 76.00 NOTE
r-oldrel-macos-x86_64 2.1.6 153.00 NOTE
r-oldrel-windows-x86_64 2.1.6 11.00 342.00 353.00 OK

Check Details

Version: 2.1.6
Check: dependencies in R code
Result: NOTE
    Namespaces in Imports field not imported from:
     ‘ggfortify’ ‘ggplot2’ ‘ggraph’ ‘reshape2’
     All declared Imports should be used.
Flavors: r-devel-linux-x86_64-fedora-clang, r-devel-linux-x86_64-fedora-gcc, r-oldrel-macos-arm64, r-oldrel-macos-x86_64