Last updated on 2023-09-29 12:57:03 CEST.
Flavor | Version | Tinstall | Tcheck | Ttotal | Status | Flags |
---|---|---|---|---|---|---|
r-devel-linux-x86_64-debian-clang | 1.0.2 | 814.83 | 133.28 | 948.11 | NOTE | |
r-devel-linux-x86_64-debian-gcc | 1.0.2 | 537.22 | 98.04 | 635.26 | NOTE | |
r-devel-linux-x86_64-fedora-clang | 1.0.2 | 1601.18 | NOTE | |||
r-devel-linux-x86_64-fedora-gcc | 1.0.2 | 1420.57 | NOTE | |||
r-devel-windows-x86_64 | 1.0.2 | 588.00 | 145.00 | 733.00 | NOTE | |
r-patched-linux-x86_64 | 1.0.2 | 762.91 | 125.31 | 888.22 | NOTE | |
r-release-linux-x86_64 | 1.0.2 | 763.83 | 127.75 | 891.58 | NOTE | |
r-release-macos-arm64 | 1.0.2 | 290.00 | NOTE | |||
r-release-macos-x86_64 | 1.0.2 | 514.00 | NOTE | |||
r-release-windows-x86_64 | 1.0.2 | 765.00 | 166.00 | 931.00 | NOTE | |
r-oldrel-macos-arm64 | 1.0.2 | 263.00 | NOTE | |||
r-oldrel-macos-x86_64 | 1.0.2 | 347.00 | NOTE | |||
r-oldrel-windows-x86_64 | 1.0.2 | 754.00 | 159.00 | 913.00 | OK |
Version: 1.0.2
Check: C++ specification
Result: NOTE
Specified C++11: please drop specification unless essential
Flavors: r-devel-linux-x86_64-debian-clang, r-devel-linux-x86_64-debian-gcc, r-devel-linux-x86_64-fedora-clang, r-devel-linux-x86_64-fedora-gcc, r-devel-windows-x86_64, r-patched-linux-x86_64, r-release-linux-x86_64, r-release-macos-arm64, r-release-macos-x86_64, r-release-windows-x86_64
Version: 1.0.2
Check: installed package size
Result: NOTE
installed size is 13.0Mb
sub-directories of 1Mb or more:
libs 12.7Mb
Flavors: r-release-macos-arm64, r-release-macos-x86_64, r-oldrel-macos-arm64, r-oldrel-macos-x86_64