Last updated on 2024-08-31 11:49:34 CEST.
Flavor | Version | Tinstall | Tcheck | Ttotal | Status | Flags |
---|---|---|---|---|---|---|
r-devel-linux-x86_64-debian-clang | 1.0.2 | 390.59 | 99.10 | 489.69 | NOTE | |
r-devel-linux-x86_64-debian-gcc | 1.0.2 | 273.31 | 69.28 | 342.59 | NOTE | |
r-devel-linux-x86_64-fedora-clang | 1.0.2 | 1083.40 | NOTE | |||
r-devel-linux-x86_64-fedora-gcc | 1.0.2 | 1019.63 | NOTE | |||
r-devel-windows-x86_64 | 1.0.2 | 429.00 | 140.00 | 569.00 | NOTE | |
r-patched-linux-x86_64 | 1.0.2 | 391.60 | 92.96 | 484.56 | NOTE | |
r-release-linux-x86_64 | 1.0.2 | 387.76 | 92.38 | 480.14 | NOTE | |
r-release-macos-arm64 | 1.0.2 | 212.00 | NOTE | |||
r-release-macos-x86_64 | 1.0.2 | 204.00 | NOTE | |||
r-release-windows-x86_64 | 1.0.2 | 447.00 | 145.00 | 592.00 | NOTE | |
r-oldrel-macos-arm64 | 1.0.2 | 290.00 | NOTE | |||
r-oldrel-macos-x86_64 | 1.0.2 | 514.00 | NOTE | |||
r-oldrel-windows-x86_64 | 1.0.2 | 509.00 | 170.00 | 679.00 | NOTE |
Version: 1.0.2
Check: C++ specification
Result: NOTE
Specified C++11: please drop specification unless essential
Flavors: r-devel-linux-x86_64-debian-clang, r-devel-linux-x86_64-debian-gcc, r-devel-linux-x86_64-fedora-clang, r-devel-linux-x86_64-fedora-gcc, r-devel-windows-x86_64, r-patched-linux-x86_64, r-release-linux-x86_64, r-release-macos-arm64, r-release-macos-x86_64, r-release-windows-x86_64, r-oldrel-macos-arm64, r-oldrel-macos-x86_64, r-oldrel-windows-x86_64
Version: 1.0.2
Check: installed package size
Result: NOTE
installed size is 11.4Mb
sub-directories of 1Mb or more:
libs 11.2Mb
Flavors: r-release-macos-arm64, r-release-macos-x86_64, r-oldrel-macos-arm64, r-oldrel-macos-x86_64