CRAN Package Check Results for Package netchain

Last updated on 2022-11-26 10:58:04 CET.

Flavor Version Tinstall Tcheck Ttotal Status Flags
r-devel-linux-x86_64-debian-clang 0.2.0 20.03 121.71 141.74 OK
r-devel-linux-x86_64-debian-gcc 0.2.0 17.53 82.96 100.49 OK
r-devel-linux-x86_64-fedora-clang 0.2.0 191.19 NOTE
r-devel-linux-x86_64-fedora-gcc 0.2.0 179.66 NOTE
r-devel-windows-x86_64 0.2.0 230.00 158.00 388.00 OK
r-patched-linux-x86_64 0.2.0 OK
r-release-linux-x86_64 0.2.0 18.33 113.55 131.88 OK
r-release-macos-arm64 0.2.0 40.00 NOTE
r-release-macos-x86_64 0.2.0 56.00 NOTE
r-release-windows-x86_64 0.2.0 91.00 163.00 254.00 OK
r-oldrel-macos-arm64 0.2.0 52.00 NOTE
r-oldrel-macos-x86_64 0.2.0 74.00 NOTE
r-oldrel-windows-ix86+x86_64 0.2.0 53.00 241.00 294.00 OK

Check Details

Version: 0.2.0
Check: dependencies in R code
Result: NOTE
    Namespaces in Imports field not imported from:
     ‘Matrix’ ‘igraph’
     All declared Imports should be used.
Flavors: r-devel-linux-x86_64-fedora-clang, r-devel-linux-x86_64-fedora-gcc, r-release-macos-arm64, r-release-macos-x86_64, r-oldrel-macos-arm64, r-oldrel-macos-x86_64