Last updated on 2023-11-29 12:56:55 CET.
Flavor | Version | Tinstall | Tcheck | Ttotal | Status | Flags |
---|---|---|---|---|---|---|
r-devel-linux-x86_64-debian-clang | 0.2.0 | 21.78 | 126.38 | 148.16 | NOTE | |
r-devel-linux-x86_64-debian-gcc | 0.2.0 | 15.65 | 88.76 | 104.41 | NOTE | |
r-devel-linux-x86_64-fedora-clang | 0.2.0 | 190.42 | NOTE | |||
r-devel-linux-x86_64-fedora-gcc | 0.2.0 | 189.07 | NOTE | |||
r-devel-windows-x86_64 | 0.2.0 | 22.00 | 118.00 | 140.00 | OK | |
r-patched-linux-x86_64 | 0.2.0 | 17.73 | 120.21 | 137.94 | OK | |
r-release-linux-x86_64 | 0.2.0 | 22.25 | 116.23 | 138.48 | OK | |
r-release-macos-arm64 | 0.2.0 | 47.00 | OK | |||
r-release-macos-x86_64 | 0.2.0 | 85.00 | OK | |||
r-release-windows-x86_64 | 0.2.0 | 27.00 | 144.00 | 171.00 | OK | |
r-oldrel-macos-arm64 | 0.2.0 | 40.00 | NOTE | |||
r-oldrel-macos-x86_64 | 0.2.0 | 56.00 | NOTE | |||
r-oldrel-windows-x86_64 | 0.2.0 | 24.00 | 149.00 | 173.00 | OK |
Version: 0.2.0
Check: Rd files
Result: NOTE
checkRd: (-1) chaingibbs.Rd:28: Lost braces in \itemize; meant \describe ?
checkRd: (-1) chaingibbs.Rd:29: Lost braces in \itemize; meant \describe ?
checkRd: (-1) chaingibbs.Rd:30: Lost braces in \itemize; meant \describe ?
Flavors: r-devel-linux-x86_64-debian-clang, r-devel-linux-x86_64-debian-gcc
Version: 0.2.0
Check: dependencies in R code
Result: NOTE
Namespaces in Imports field not imported from:
‘Matrix’ ‘igraph’
All declared Imports should be used.
Flavors: r-devel-linux-x86_64-fedora-clang, r-devel-linux-x86_64-fedora-gcc, r-oldrel-macos-arm64, r-oldrel-macos-x86_64