CRAN Package Check Results for Package netchain

Last updated on 2022-07-02 12:53:09 CEST.

Flavor Version Tinstall Tcheck Ttotal Status Flags
r-devel-linux-x86_64-debian-clang 0.2.0 20.77 117.01 137.78 OK
r-devel-linux-x86_64-debian-gcc 0.2.0 15.29 82.37 97.66 OK
r-devel-linux-x86_64-fedora-clang 0.2.0 175.65 WARN
r-devel-linux-x86_64-fedora-gcc 0.2.0 175.79 WARN
r-devel-windows-x86_64 0.2.0 202.00 146.00 348.00 OK
r-patched-linux-x86_64 0.2.0 19.62 110.99 130.61 OK
r-release-linux-x86_64 0.2.0 15.75 112.85 128.60 OK
r-release-macos-arm64 0.2.0 40.00 NOTE
r-release-macos-x86_64 0.2.0 56.00 NOTE
r-release-windows-x86_64 0.2.0 26.00 160.00 186.00 OK
r-oldrel-macos-arm64 0.2.0 52.00 NOTE
r-oldrel-macos-x86_64 0.2.0 74.00 NOTE
r-oldrel-windows-ix86+x86_64 0.2.0 54.00 235.00 289.00 OK

Check Details

Version: 0.2.0
Check: package dependencies
Result: WARN
    Requires orphaned package: ‘gtools’
Flavors: r-devel-linux-x86_64-fedora-clang, r-devel-linux-x86_64-fedora-gcc

Version: 0.2.0
Check: dependencies in R code
Result: NOTE
    Namespaces in Imports field not imported from:
     ‘Matrix’ ‘igraph’
     All declared Imports should be used.
Flavors: r-devel-linux-x86_64-fedora-clang, r-devel-linux-x86_64-fedora-gcc, r-release-macos-arm64, r-release-macos-x86_64, r-oldrel-macos-arm64, r-oldrel-macos-x86_64