Last updated on 2024-03-28 09:51:49 CET.
Flavor | Version | Tinstall | Tcheck | Ttotal | Status | Flags |
---|---|---|---|---|---|---|
r-devel-linux-x86_64-debian-clang | 0.2.0 | 22.13 | 128.90 | 151.03 | NOTE | |
r-devel-linux-x86_64-debian-gcc | 0.2.0 | 18.99 | 85.65 | 104.64 | NOTE | |
r-devel-linux-x86_64-fedora-clang | 0.2.0 | 185.83 | NOTE | |||
r-devel-linux-x86_64-fedora-gcc | 0.2.0 | 196.91 | NOTE | |||
r-devel-windows-x86_64 | 0.2.0 | 20.00 | 115.00 | 135.00 | NOTE | |
r-patched-linux-x86_64 | 0.2.0 | 23.37 | 119.68 | 143.05 | NOTE | |
r-release-linux-x86_64 | 0.2.0 | 25.08 | 117.50 | 142.58 | OK | |
r-release-macos-arm64 | 0.2.0 | 47.00 | OK | |||
r-release-macos-x86_64 | 0.2.0 | 85.00 | OK | |||
r-release-windows-x86_64 | 0.2.0 | 27.00 | 144.00 | 171.00 | OK | |
r-oldrel-macos-arm64 | 0.2.0 | 40.00 | NOTE | |||
r-oldrel-windows-x86_64 | 0.2.0 | 24.00 | 143.00 | 167.00 | OK |
Version: 0.2.0
Check: Rd files
Result: NOTE
checkRd: (-1) chaingibbs.Rd:28: Lost braces in \itemize; meant \describe ?
checkRd: (-1) chaingibbs.Rd:29: Lost braces in \itemize; meant \describe ?
checkRd: (-1) chaingibbs.Rd:30: Lost braces in \itemize; meant \describe ?
Flavors: r-devel-linux-x86_64-debian-clang, r-devel-linux-x86_64-debian-gcc, r-devel-linux-x86_64-fedora-clang, r-devel-linux-x86_64-fedora-gcc, r-devel-windows-x86_64, r-patched-linux-x86_64
Version: 0.2.0
Check: dependencies in R code
Result: NOTE
Namespaces in Imports field not imported from:
‘Matrix’ ‘igraph’
All declared Imports should be used.
Flavors: r-devel-linux-x86_64-fedora-clang, r-devel-linux-x86_64-fedora-gcc, r-oldrel-macos-arm64