Last updated on 2022-07-04 12:54:15 CEST.
Flavor | Version | Tinstall | Tcheck | Ttotal | Status | Flags |
---|---|---|---|---|---|---|
r-devel-linux-x86_64-debian-clang | 0.5.1 | 8.00 | 69.99 | 77.99 | OK | |
r-devel-linux-x86_64-debian-gcc | 0.5.1 | 6.66 | 53.83 | 60.49 | OK | |
r-devel-linux-x86_64-fedora-clang | 0.5.1 | 102.64 | WARN | |||
r-devel-linux-x86_64-fedora-gcc | 0.5.1 | 102.56 | WARN | |||
r-devel-windows-x86_64 | 0.5.1 | 12.00 | 107.00 | 119.00 | OK | |
r-patched-linux-x86_64 | 0.5.1 | 6.06 | 67.91 | 73.97 | OK | |
r-release-linux-x86_64 | 0.5.1 | 4.95 | 67.99 | 72.94 | OK | |
r-release-macos-arm64 | 0.5.1 | 31.00 | OK | |||
r-release-macos-x86_64 | 0.5.1 | 48.00 | OK | |||
r-release-windows-x86_64 | 0.5.1 | 26.00 | 110.00 | 136.00 | OK | |
r-oldrel-macos-arm64 | 0.5.1 | 37.00 | OK | |||
r-oldrel-macos-x86_64 | 0.5.1 | 45.00 | OK | |||
r-oldrel-windows-ix86+x86_64 | 0.5.1 | 20.00 | 107.00 | 127.00 | OK |
Version: 0.5.1
Check: package dependencies
Result: WARN
Requires orphaned package: ‘gtools’
Flavors: r-devel-linux-x86_64-fedora-clang, r-devel-linux-x86_64-fedora-gcc