CRAN Package Check Results for Package neotoma2

Last updated on 2023-12-01 10:53:42 CET.

Flavor Version Tinstall Tcheck Ttotal Status Flags
r-devel-linux-x86_64-debian-clang 1.0.2 60.48 418.56 479.04 ERROR
r-devel-linux-x86_64-debian-gcc 1.0.2 43.70 331.52 375.22 NOTE
r-devel-linux-x86_64-fedora-clang 1.0.2 675.69 OK
r-devel-linux-x86_64-fedora-gcc 1.0.2 657.57 OK
r-devel-windows-x86_64 1.0.2 47.00 362.00 409.00 OK
r-patched-linux-x86_64 1.0.2 49.96 427.43 477.39 OK
r-release-linux-x86_64 1.0.2 35.20 430.83 466.03 OK
r-release-macos-arm64 1.0.2 180.00 OK
r-release-macos-x86_64 1.0.2 443.00 OK
r-release-windows-x86_64 1.0.2 63.00 460.00 523.00 OK
r-oldrel-macos-arm64 1.0.2 173.00 OK
r-oldrel-macos-x86_64 1.0.2 240.00 OK
r-oldrel-windows-x86_64 1.0.2 64.00 425.00 489.00 OK

Check Details

Version: 1.0.2
Check: Rd files
Result: NOTE checkRd: (-1) filter.Rd:24: Lost braces in \itemize; meant \describe ? checkRd: (-1) filter.Rd:25: Lost braces in \itemize; meant \describe ? checkRd: (-1) filter.Rd:26: Lost braces in \itemize; meant \describe ? checkRd: (-1) filter.Rd:27: Lost braces in \itemize; meant \describe ? checkRd: (-1) filter.Rd:28-30: Lost braces in \itemize; meant \describe ? checkRd: (-1) filter.Rd:31: Lost braces in \itemize; meant \describe ? checkRd: (-1) filter.Rd:32-33: Lost braces in \itemize; meant \describe ? checkRd: (-1) filter.Rd:34-35: Lost braces in \itemize; meant \describe ? checkRd: (-1) filter.Rd:36-37: Lost braces in \itemize; meant \describe ? checkRd: (-1) filter.Rd:38-39: Lost braces in \itemize; meant \describe ? checkRd: (-1) filter.Rd:40-41: Lost braces in \itemize; meant \describe ? checkRd: (-1) filter.Rd:42-43: Lost braces in \itemize; meant \describe ? checkRd: (-1) filter.Rd:44-45: Lost braces in \itemize; meant \describe ? checkRd: (-1) filter.Rd:46-47: Lost braces in \itemize; meant \describe ? checkRd: (-1) filter.Rd:48-49: Lost braces in \itemize; meant \describe ? checkRd: (-1) filter.Rd:50-51: Lost braces in \itemize; meant \describe ? checkRd: (-1) filter.Rd:52: Lost braces in \itemize; meant \describe ? checkRd: (-1) filter.Rd:53: Lost braces in \itemize; meant \describe ? checkRd: (-1) filter.Rd:54-55: Lost braces in \itemize; meant \describe ? checkRd: (-1) filter.Rd:56-57: Lost braces in \itemize; meant \describe ? checkRd: (-1) filter.sites.Rd:24: Lost braces in \itemize; meant \describe ? checkRd: (-1) filter.sites.Rd:25: Lost braces in \itemize; meant \describe ? checkRd: (-1) filter.sites.Rd:26: Lost braces in \itemize; meant \describe ? checkRd: (-1) filter.sites.Rd:27: Lost braces in \itemize; meant \describe ? checkRd: (-1) filter.sites.Rd:28-30: Lost braces in \itemize; meant \describe ? checkRd: (-1) filter.sites.Rd:31: Lost braces in \itemize; meant \describe ? checkRd: (-1) filter.sites.Rd:32-33: Lost braces in \itemize; meant \describe ? checkRd: (-1) filter.sites.Rd:34-35: Lost braces in \itemize; meant \describe ? checkRd: (-1) filter.sites.Rd:36-37: Lost braces in \itemize; meant \describe ? checkRd: (-1) filter.sites.Rd:38-39: Lost braces in \itemize; meant \describe ? checkRd: (-1) filter.sites.Rd:40-41: Lost braces in \itemize; meant \describe ? checkRd: (-1) filter.sites.Rd:42-43: Lost braces in \itemize; meant \describe ? checkRd: (-1) filter.sites.Rd:44-45: Lost braces in \itemize; meant \describe ? checkRd: (-1) filter.sites.Rd:46-47: Lost braces in \itemize; meant \describe ? checkRd: (-1) filter.sites.Rd:48-49: Lost braces in \itemize; meant \describe ? checkRd: (-1) filter.sites.Rd:50-51: Lost braces in \itemize; meant \describe ? checkRd: (-1) filter.sites.Rd:52: Lost braces in \itemize; meant \describe ? checkRd: (-1) filter.sites.Rd:53: Lost braces in \itemize; meant \describe ? checkRd: (-1) filter.sites.Rd:54-55: Lost braces in \itemize; meant \describe ? checkRd: (-1) filter.sites.Rd:56-57: Lost braces in \itemize; meant \describe ? checkRd: (-1) get_sites.Rd:24: Lost braces 24 | \item \code{loc} {An \code{sf} object that describes site's location.} | ^ checkRd: (-1) get_sites.Rd:26: Lost braces; missing escapes or markup? 26 | \item \code{collunits} {limited information on collunits} | ^ checkRd: (-1) get_sites.default.Rd:21: Lost braces 21 | \item \code{loc} {An \code{sf} object that describes site's location.} | ^ checkRd: (-1) get_sites.default.Rd:23: Lost braces; missing escapes or markup? 23 | \item \code{collunits} {limited information on collunits} | ^ checkRd: (-1) get_sites.numeric.Rd:23: Lost braces 23 | \item \code{loc} {An \code{sf} object that describes site's location.} | ^ checkRd: (-1) get_sites.numeric.Rd:25: Lost braces; missing escapes or markup? 25 | \item \code{collunits} {limited information on collunits} | ^ checkRd: (-1) get_sites.sites.Rd:23: Lost braces 23 | \item \code{loc} {An \code{sf} object that describes site's location.} | ^ checkRd: (-1) get_sites.sites.Rd:25: Lost braces; missing escapes or markup? 25 | \item \code{collunits} {limited information on collunits} | ^ Flavors: r-devel-linux-x86_64-debian-clang, r-devel-linux-x86_64-debian-gcc

Version: 1.0.2
Check: re-building of vignette outputs
Result: ERROR Error(s) in re-building vignettes: ... --- re-building ‘neotoma2-package.Rmd’ using rmarkdown Quitting from lines 204-207 [getdatasetsbyid] (neotoma2-package.Rmd) Error: processing vignette 'neotoma2-package.Rmd' failed with diagnostics: Bad Gateway (HTTP 502). Failed to Could not connect to the Neotoma API. Check that the path is valid, and check the current status of the Neotoma API services at http://data.neotomadb.org. --- failed re-building ‘neotoma2-package.Rmd’ SUMMARY: processing the following file failed: ‘neotoma2-package.Rmd’ Error: Vignette re-building failed. Execution halted Flavor: r-devel-linux-x86_64-debian-clang