Last updated on 2024-04-17 10:41:43 CEST.
Flavor | Version | Tinstall | Tcheck | Ttotal | Status | Flags |
---|---|---|---|---|---|---|
r-devel-linux-x86_64-debian-clang | 2.4.1 | 7.94 | 63.86 | 71.80 | OK | |
r-devel-linux-x86_64-debian-gcc | 2.4.1 | 6.58 | 46.39 | 52.97 | OK | |
r-devel-linux-x86_64-fedora-clang | 2.4.1 | 96.10 | OK | |||
r-devel-linux-x86_64-fedora-gcc | 2.4.1 | 90.96 | OK | |||
r-prerel-macos-arm64 | 2.4.1 | 37.00 | OK | |||
r-prerel-windows-x86_64 | 2.4.1 | 9.00 | 69.00 | 78.00 | OK | |
r-patched-linux-x86_64 | 2.4.1 | 7.96 | 59.36 | 67.32 | OK | |
r-release-linux-x86_64 | 2.4.1 | 9.08 | 61.61 | 70.69 | OK | |
r-release-macos-arm64 | 2.4.1 | 37.00 | NOTE | |||
r-release-macos-x86_64 | 2.4.1 | 63.00 | NOTE | |||
r-release-windows-x86_64 | 2.4.1 | 11.00 | 80.00 | 91.00 | OK | |
r-oldrel-macos-arm64 | 2.4.1 | 40.00 | OK | |||
r-oldrel-windows-x86_64 | 2.4.1 | 11.00 | 76.00 | 87.00 | OK |
Version: 2.4.1
Check: package dependencies
Result: NOTE
Package suggested but not available for checking: ‘rhdf5’
Flavors: r-release-macos-arm64, r-release-macos-x86_64