Last updated on 2025-05-07 11:55:36 CEST.
Flavor | Version | Tinstall | Tcheck | Ttotal | Status | Flags |
---|---|---|---|---|---|---|
r-devel-linux-x86_64-debian-clang | 0.1.1 | 6.44 | 45.17 | 51.61 | OK | |
r-devel-linux-x86_64-debian-gcc | 0.1.1 | 5.10 | 32.05 | 37.15 | OK | |
r-devel-linux-x86_64-fedora-clang | 0.1.1 | 81.32 | NOTE | |||
r-devel-linux-x86_64-fedora-gcc | 0.1.1 | 76.50 | NOTE | |||
r-devel-windows-x86_64 | 0.1.1 | 8.00 | 60.00 | 68.00 | OK | |
r-patched-linux-x86_64 | 0.1.1 | 6.02 | 41.75 | 47.77 | OK | |
r-release-linux-x86_64 | 0.1.1 | 6.35 | 42.23 | 48.58 | OK | |
r-release-macos-arm64 | 0.1.1 | 37.00 | OK | |||
r-release-macos-x86_64 | 0.1.1 | 42.00 | OK | |||
r-release-windows-x86_64 | 0.1.1 | 10.00 | 62.00 | 72.00 | OK | |
r-oldrel-macos-arm64 | 0.1.1 | 27.00 | NOTE | |||
r-oldrel-macos-x86_64 | 0.1.1 | 38.00 | NOTE | |||
r-oldrel-windows-x86_64 | 0.1.1 | 12.00 | 74.00 | 86.00 | NOTE |
Version: 0.1.1
Check: dependencies in R code
Result: NOTE
Namespaces in Imports field not imported from:
‘igraph’ ‘rlang’ ‘tidyselect’
All declared Imports should be used.
Flavors: r-devel-linux-x86_64-fedora-clang, r-devel-linux-x86_64-fedora-gcc
Version: 0.1.1
Check: LazyData
Result: NOTE
'LazyData' is specified without a 'data' directory
Flavors: r-oldrel-macos-arm64, r-oldrel-macos-x86_64, r-oldrel-windows-x86_64