CRAN Package Check Results for Package neldermead

Last updated on 2024-02-22 12:48:32 CET.

Flavor Version Tinstall Tcheck Ttotal Status Flags
r-devel-linux-x86_64-debian-clang 1.0-12 ERROR
r-devel-linux-x86_64-debian-gcc 1.0-12 7.64 69.63 77.27 ERROR
r-devel-linux-x86_64-fedora-clang 1.0-12 126.95 OK
r-devel-linux-x86_64-fedora-gcc 1.0-12 134.54 OK
r-devel-windows-x86_64 1.0-12 9.00 87.00 96.00 OK
r-patched-linux-x86_64 1.0-12 9.08 91.71 100.79 ERROR
r-release-linux-x86_64 1.0-12 10.07 91.66 101.73 OK
r-release-macos-arm64 1.0-12 48.00 OK
r-release-macos-x86_64 1.0-12 73.00 OK
r-release-windows-x86_64 1.0-12 12.00 107.00 119.00 OK
r-oldrel-macos-arm64 1.0-12 36.00 OK
r-oldrel-windows-x86_64 1.0-12 13.00 107.00 120.00 OK

Check Details

Version: 1.0-12
Check: re-building of vignette outputs
Result: ERROR Error(s) in re-building vignettes: ... --- re-building ‘manual.Rmd’ using rmarkdown Could not fetch http://www.zotero.org/styles/springer-vancouver-brackets HttpExceptionRequest Request { host = "www.zotero.org" port = 80 secure = False requestHeaders = [] path = "/styles/springer-vancouver-brackets" queryString = "" method = "GET" proxy = Nothing rawBody = False redirectCount = 10 responseTimeout = ResponseTimeoutDefault requestVersion = HTTP/1.1 proxySecureMode = ProxySecureWithConnect } (InternalException (HandshakeFailed (Error_Protocol "peer does not support Extended Main Secret" HandshakeFailure))) Error: processing vignette 'manual.Rmd' failed with diagnostics: pandoc document conversion failed with error 61 --- failed re-building ‘manual.Rmd’ SUMMARY: processing the following file failed: ‘manual.Rmd’ Error: Vignette re-building failed. Execution halted Flavors: r-devel-linux-x86_64-debian-clang, r-devel-linux-x86_64-debian-gcc, r-patched-linux-x86_64