CRAN Package Check Results for Package ndl

Last updated on 2022-07-07 12:55:29 CEST.

Flavor Version Tinstall Tcheck Ttotal Status Flags
r-devel-linux-x86_64-debian-clang 0.2.18 24.18 69.88 94.06 OK
r-devel-linux-x86_64-debian-gcc 0.2.18 22.12 52.64 74.76 OK
r-devel-linux-x86_64-fedora-clang 0.2.18 134.56 NOTE
r-devel-linux-x86_64-fedora-gcc 0.2.18 129.51 NOTE
r-devel-windows-x86_64 0.2.18 42.00 124.00 166.00 OK
r-patched-linux-x86_64 0.2.18 21.97 66.37 88.34 OK
r-release-linux-x86_64 0.2.18 16.64 66.31 82.95 OK
r-release-macos-arm64 0.2.18 41.00 NOTE
r-release-macos-x86_64 0.2.18 63.00 NOTE
r-release-windows-x86_64 0.2.18 35.00 130.00 165.00 OK
r-oldrel-macos-arm64 0.2.18 52.00 NOTE
r-oldrel-macos-x86_64 0.2.18 81.00 NOTE
r-oldrel-windows-ix86+x86_64 0.2.18 67.00 148.00 215.00 OK

Check Details

Version: 0.2.18
Check: data for non-ASCII characters
Result: NOTE
     Note: found 7332 marked UTF-8 strings
Flavors: r-devel-linux-x86_64-fedora-clang, r-devel-linux-x86_64-fedora-gcc, r-release-macos-arm64, r-release-macos-x86_64, r-oldrel-macos-arm64, r-oldrel-macos-x86_64