Last updated on 2022-06-26 11:52:38 CEST.
Flavor | Version | Tinstall | Tcheck | Ttotal | Status | Flags |
---|---|---|---|---|---|---|
r-devel-linux-x86_64-debian-clang | 1.0.0 | 70.93 | 46.34 | 117.27 | NOTE | |
r-devel-linux-x86_64-debian-gcc | 1.0.0 | 57.54 | 36.27 | 93.81 | NOTE | |
r-devel-linux-x86_64-fedora-clang | 1.0.0 | 176.33 | NOTE | |||
r-devel-linux-x86_64-fedora-gcc | 1.0.0 | 161.61 | NOTE | |||
r-devel-windows-x86_64 | 1.0.0 | 67.00 | 93.00 | 160.00 | NOTE | |
r-patched-linux-x86_64 | 1.0.0 | 65.18 | 42.08 | 107.26 | NOTE | |
r-release-linux-x86_64 | 1.0.0 | 55.43 | 45.01 | 100.44 | NOTE | |
r-release-macos-arm64 | 1.0.0 | 45.00 | NOTE | |||
r-release-macos-x86_64 | 1.0.0 | 54.00 | NOTE | |||
r-release-windows-x86_64 | 1.0.0 | 64.00 | 95.00 | 159.00 | NOTE | |
r-oldrel-macos-arm64 | 1.0.0 | 51.00 | NOTE | |||
r-oldrel-macos-x86_64 | 1.0.0 | 79.00 | NOTE | |||
r-oldrel-windows-ix86+x86_64 | 1.0.0 | 163.00 | 106.00 | 269.00 | NOTE |
Version: 1.0.0
Check: LazyData
Result: NOTE
'LazyData' is specified without a 'data' directory
Flavors: r-devel-linux-x86_64-debian-clang, r-devel-linux-x86_64-debian-gcc, r-devel-linux-x86_64-fedora-clang, r-devel-linux-x86_64-fedora-gcc, r-devel-windows-x86_64, r-patched-linux-x86_64, r-release-linux-x86_64, r-release-macos-arm64, r-release-macos-x86_64, r-release-windows-x86_64, r-oldrel-macos-arm64, r-oldrel-macos-x86_64, r-oldrel-windows-ix86+x86_64
Version: 1.0.0
Check: installed package size
Result: NOTE
installed size is 5.3Mb
sub-directories of 1Mb or more:
libs 5.1Mb
Flavors: r-devel-linux-x86_64-fedora-clang, r-release-macos-arm64, r-release-macos-x86_64, r-oldrel-macos-arm64, r-oldrel-macos-x86_64