CRAN Package Check Results for Package ncdump

Last updated on 2022-06-29 11:52:15 CEST.

Flavor Version Tinstall Tcheck Ttotal Status Flags
r-devel-linux-x86_64-debian-clang 0.0.3 4.65 50.31 54.96 NOTE
r-devel-linux-x86_64-debian-gcc 0.0.3 4.10 38.07 42.17 NOTE
r-devel-linux-x86_64-fedora-clang 0.0.3 75.12 NOTE
r-devel-linux-x86_64-fedora-gcc 0.0.3 74.48 NOTE
r-devel-windows-x86_64 0.0.3 13.00 72.00 85.00 NOTE
r-patched-linux-x86_64 0.0.3 4.24 47.92 52.16 NOTE
r-release-linux-x86_64 0.0.3 4.39 47.20 51.59 NOTE
r-release-macos-arm64 0.0.3 20.00 NOTE
r-release-macos-x86_64 0.0.3 41.00 NOTE
r-release-windows-x86_64 0.0.3 13.00 73.00 86.00 NOTE
r-oldrel-macos-arm64 0.0.3 25.00 NOTE
r-oldrel-macos-x86_64 0.0.3 40.00 NOTE
r-oldrel-windows-ix86+x86_64 0.0.3 12.00 68.00 80.00 NOTE

Check Details

Version: 0.0.3
Check: LazyData
Result: NOTE
     'LazyData' is specified without a 'data' directory
Flavors: r-devel-linux-x86_64-debian-clang, r-devel-linux-x86_64-debian-gcc, r-devel-linux-x86_64-fedora-clang, r-devel-linux-x86_64-fedora-gcc, r-devel-windows-x86_64, r-patched-linux-x86_64, r-release-linux-x86_64, r-release-macos-arm64, r-release-macos-x86_64, r-release-windows-x86_64, r-oldrel-macos-arm64, r-oldrel-macos-x86_64, r-oldrel-windows-ix86+x86_64