Last updated on 2022-06-26 11:52:38 CEST.
Flavor | Version | Tinstall | Tcheck | Ttotal | Status | Flags |
---|---|---|---|---|---|---|
r-devel-linux-x86_64-debian-clang | 0.1.4 | 4.76 | 39.17 | 43.93 | OK | |
r-devel-linux-x86_64-debian-gcc | 0.1.4 | 5.16 | 28.79 | 33.95 | OK | |
r-devel-linux-x86_64-fedora-clang | 0.1.4 | 63.74 | NOTE | |||
r-devel-linux-x86_64-fedora-gcc | 0.1.4 | 63.21 | OK | |||
r-devel-windows-x86_64 | 0.1.4 | 21.00 | 61.00 | 82.00 | OK | |
r-patched-linux-x86_64 | 0.1.4 | 5.26 | 36.79 | 42.05 | OK | |
r-release-linux-x86_64 | 0.1.4 | 6.66 | 37.38 | 44.04 | OK | |
r-release-macos-arm64 | 0.1.4 | 18.00 | OK | |||
r-release-macos-x86_64 | 0.1.4 | 27.00 | OK | |||
r-release-windows-x86_64 | 0.1.4 | 21.00 | 57.00 | 78.00 | OK | |
r-oldrel-macos-arm64 | 0.1.4 | 23.00 | OK | |||
r-oldrel-macos-x86_64 | 0.1.4 | 32.00 | OK | |||
r-oldrel-windows-ix86+x86_64 | 0.1.4 | 12.00 | 56.00 | 68.00 | OK |
Version: 0.1.4
Check: Rd cross-references
Result: NOTE
Undeclared package ‘CBPS’ in Rd xrefs
Flavor: r-devel-linux-x86_64-fedora-clang