Last updated on 2024-04-18 12:52:52 CEST.
Flavor | Version | Tinstall | Tcheck | Ttotal | Status | Flags |
---|---|---|---|---|---|---|
r-devel-linux-x86_64-debian-clang | 0.1.4 | 4.68 | 40.30 | 44.98 | OK | |
r-devel-linux-x86_64-debian-gcc | 0.1.4 | 4.53 | 29.72 | 34.25 | OK | |
r-devel-linux-x86_64-fedora-clang | 0.1.4 | 58.33 | NOTE | |||
r-devel-linux-x86_64-fedora-gcc | 0.1.4 | 55.51 | OK | |||
r-prerel-macos-arm64 | 0.1.4 | 20.00 | OK | |||
r-prerel-windows-x86_64 | 0.1.4 | 7.00 | 51.00 | 58.00 | OK | |
r-patched-linux-x86_64 | 0.1.4 | 7.44 | 38.24 | 45.68 | OK | |
r-release-linux-x86_64 | 0.1.4 | 4.84 | 38.60 | 43.44 | OK | |
r-release-macos-arm64 | 0.1.4 | 20.00 | OK | |||
r-release-macos-x86_64 | 0.1.4 | 31.00 | OK | |||
r-release-windows-x86_64 | 0.1.4 | 6.00 | 52.00 | 58.00 | OK | |
r-oldrel-macos-arm64 | 0.1.4 | 22.00 | OK | |||
r-oldrel-windows-x86_64 | 0.1.4 | 7.00 | 55.00 | 62.00 | OK |
Version: 0.1.4
Check: Rd cross-references
Result: NOTE
Undeclared package ‘CBPS’ in Rd xrefs
Flavor: r-devel-linux-x86_64-fedora-clang