CRAN Package Check Results for Package natural

Last updated on 2023-06-01 11:57:46 CEST.

Flavor Version Tinstall Tcheck Ttotal Status Flags
r-devel-linux-x86_64-debian-clang 0.9.0 11.51 160.58 172.09 NOTE
r-devel-linux-x86_64-debian-gcc 0.9.0 10.45 133.64 144.09 NOTE
r-devel-linux-x86_64-fedora-clang 0.9.0 209.76 NOTE
r-devel-linux-x86_64-fedora-gcc 0.9.0 236.25 NOTE
r-devel-windows-x86_64 0.9.0 15.00 168.00 183.00 NOTE
r-patched-linux-x86_64 0.9.0 NOTE
r-release-linux-x86_64 0.9.0 10.99 170.65 181.64 NOTE
r-release-macos-arm64 0.9.0 90.00 NOTE
r-release-macos-x86_64 0.9.0 133.00 NOTE
r-release-windows-x86_64 0.9.0 19.00 192.00 211.00 NOTE
r-oldrel-macos-arm64 0.9.0 71.00 NOTE
r-oldrel-macos-x86_64 0.9.0 89.00 NOTE
r-oldrel-windows-x86_64 0.9.0 17.00 192.00 209.00 NOTE

Check Details

Version: 0.9.0
Check: LazyData
Result: NOTE
     'LazyData' is specified without a 'data' directory
Flavors: r-devel-linux-x86_64-debian-clang, r-devel-linux-x86_64-debian-gcc, r-devel-linux-x86_64-fedora-clang, r-devel-linux-x86_64-fedora-gcc, r-devel-windows-x86_64, r-patched-linux-x86_64, r-release-linux-x86_64, r-release-macos-arm64, r-release-macos-x86_64, r-release-windows-x86_64, r-oldrel-macos-arm64, r-oldrel-macos-x86_64, r-oldrel-windows-x86_64