CRAN Package Check Results for Package natural

Last updated on 2022-06-24 11:52:13 CEST.

Flavor Version Tinstall Tcheck Ttotal Status Flags
r-devel-linux-x86_64-debian-clang 0.9.0 13.78 159.89 173.67 NOTE
r-devel-linux-x86_64-debian-gcc 0.9.0 9.51 131.31 140.82 NOTE
r-devel-linux-x86_64-fedora-clang 0.9.0 210.35 NOTE
r-devel-linux-x86_64-fedora-gcc 0.9.0 229.04 NOTE
r-devel-windows-x86_64 0.9.0 22.00 207.00 229.00 NOTE
r-patched-linux-x86_64 0.9.0 12.30 167.94 180.24 NOTE
r-release-linux-x86_64 0.9.0 11.04 164.55 175.59 NOTE
r-release-macos-arm64 0.9.0 71.00 NOTE
r-release-macos-x86_64 0.9.0 89.00 NOTE
r-release-windows-x86_64 0.9.0 23.00 214.00 237.00 NOTE
r-oldrel-macos-arm64 0.9.0 86.00 NOTE
r-oldrel-macos-x86_64 0.9.0 109.00 NOTE
r-oldrel-windows-ix86+x86_64 0.9.0 30.00 223.00 253.00 NOTE

Check Details

Version: 0.9.0
Check: LazyData
Result: NOTE
     'LazyData' is specified without a 'data' directory
Flavors: r-devel-linux-x86_64-debian-clang, r-devel-linux-x86_64-debian-gcc, r-devel-linux-x86_64-fedora-clang, r-devel-linux-x86_64-fedora-gcc, r-devel-windows-x86_64, r-patched-linux-x86_64, r-release-linux-x86_64, r-release-macos-arm64, r-release-macos-x86_64, r-release-windows-x86_64, r-oldrel-macos-arm64, r-oldrel-macos-x86_64, r-oldrel-windows-ix86+x86_64