Last updated on 2022-07-04 12:54:15 CEST.
Flavor | Version | Tinstall | Tcheck | Ttotal | Status | Flags |
---|---|---|---|---|---|---|
r-devel-linux-x86_64-debian-clang | 0.5.0 | 7.12 | 138.10 | 145.22 | OK | |
r-devel-linux-x86_64-debian-gcc | 0.5.0 | 5.71 | 103.07 | 108.78 | OK | |
r-devel-linux-x86_64-fedora-clang | 0.5.0 | 179.30 | NOTE | |||
r-devel-linux-x86_64-fedora-gcc | 0.5.0 | 178.74 | NOTE | |||
r-devel-windows-x86_64 | 0.5.0 | 13.00 | 168.00 | 181.00 | OK | |
r-patched-linux-x86_64 | 0.5.0 | 7.87 | 129.60 | 137.47 | OK | |
r-release-linux-x86_64 | 0.5.0 | 4.76 | 130.81 | 135.57 | OK | |
r-release-macos-arm64 | 0.5.0 | 44.00 | NOTE | |||
r-release-macos-x86_64 | 0.5.0 | 76.00 | NOTE | |||
r-release-windows-x86_64 | 0.5.0 | 30.00 | 175.00 | 205.00 | OK | |
r-oldrel-macos-arm64 | 0.5.0 | 48.00 | NOTE | |||
r-oldrel-macos-x86_64 | 0.5.0 | 77.00 | NOTE | |||
r-oldrel-windows-ix86+x86_64 | 0.5.0 | 19.00 | 160.00 | 179.00 | OK |
Version: 0.5.0
Check: data for non-ASCII characters
Result: NOTE
Note: found 5 marked Latin-1 strings
Note: found 7187 marked UTF-8 strings
Flavors: r-devel-linux-x86_64-fedora-clang, r-devel-linux-x86_64-fedora-gcc, r-release-macos-arm64, r-release-macos-x86_64, r-oldrel-macos-arm64, r-oldrel-macos-x86_64