Last updated on 2024-08-16 12:49:14 CEST.
Flavor | Version | Tinstall | Tcheck | Ttotal | Status | Flags |
---|---|---|---|---|---|---|
r-devel-linux-x86_64-debian-clang | 0.5.2 | 6.48 | 117.11 | 123.59 | OK | |
r-devel-linux-x86_64-debian-gcc | 0.5.2 | 4.36 | 79.26 | 83.62 | OK | |
r-devel-linux-x86_64-fedora-clang | 0.5.2 | 204.06 | NOTE | |||
r-devel-linux-x86_64-fedora-gcc | 0.5.2 | 212.41 | NOTE | |||
r-devel-windows-x86_64 | 0.5.2 | 10.00 | 128.00 | 138.00 | OK | |
r-patched-linux-x86_64 | 0.5.2 | 6.58 | 110.41 | 116.99 | OK | |
r-release-linux-x86_64 | 0.5.2 | 6.61 | 111.03 | 117.64 | OK | |
r-release-macos-arm64 | 0.5.2 | 62.00 | OK | |||
r-release-macos-x86_64 | 0.5.2 | 105.00 | OK | |||
r-release-windows-x86_64 | 0.5.2 | 11.00 | 126.00 | 137.00 | OK | |
r-oldrel-macos-arm64 | 0.5.2 | 75.00 | OK | |||
r-oldrel-macos-x86_64 | 0.5.2 | 130.00 | OK | |||
r-oldrel-windows-x86_64 | 0.5.2 | 13.00 | 163.00 | 176.00 | OK |
Version: 0.5.2
Check: data for non-ASCII characters
Result: NOTE
Note: found 5 marked Latin-1 strings
Note: found 7187 marked UTF-8 strings
Flavors: r-devel-linux-x86_64-fedora-clang, r-devel-linux-x86_64-fedora-gcc