CRAN Package Check Results for Package natstrat

Last updated on 2022-07-02 12:53:08 CEST.

Flavor Version Tinstall Tcheck Ttotal Status Flags
r-devel-linux-x86_64-debian-clang 2.0.0 20.03 267.25 287.28 NOTE
r-devel-linux-x86_64-debian-gcc 2.0.0 15.68 188.34 204.02 NOTE
r-devel-linux-x86_64-fedora-clang 2.0.0 338.59 NOTE
r-devel-linux-x86_64-fedora-gcc 2.0.0 330.83 NOTE
r-devel-windows-x86_64 2.0.0 32.00 262.00 294.00 NOTE
r-patched-linux-x86_64 2.0.0 14.54 227.06 241.60 NOTE
r-release-linux-x86_64 2.0.0 13.10 230.93 244.03 NOTE
r-release-macos-arm64 2.0.0 69.00 NOTE
r-release-macos-x86_64 2.0.0 145.00 NOTE
r-release-windows-x86_64 2.0.0 33.00 254.00 287.00 NOTE
r-oldrel-macos-arm64 2.0.0 79.00 NOTE
r-oldrel-macos-x86_64 2.0.0 101.00 NOTE
r-oldrel-windows-ix86+x86_64 2.0.0 40.00 260.00 300.00 NOTE

Check Details

Version: 2.0.0
Check: package dependencies
Result: NOTE
    Package suggested but not available for checking: 'gurobi'
Flavors: r-devel-linux-x86_64-debian-clang, r-devel-linux-x86_64-debian-gcc, r-devel-linux-x86_64-fedora-clang, r-devel-linux-x86_64-fedora-gcc, r-devel-windows-x86_64, r-patched-linux-x86_64, r-release-linux-x86_64, r-release-macos-arm64, r-release-macos-x86_64, r-release-windows-x86_64, r-oldrel-macos-arm64, r-oldrel-macos-x86_64, r-oldrel-windows-ix86+x86_64