Last updated on 2024-04-23 10:54:10 CEST.
Flavor | Version | Tinstall | Tcheck | Ttotal | Status | Flags |
---|---|---|---|---|---|---|
r-devel-linux-x86_64-debian-clang | 0.3.7 | 76.88 | 86.14 | 163.02 | NOTE | |
r-devel-linux-x86_64-debian-gcc | 0.3.7 | 67.26 | 62.81 | 130.07 | NOTE | |
r-devel-linux-x86_64-fedora-clang | 0.3.7 | 246.29 | NOTE | |||
r-devel-linux-x86_64-fedora-gcc | 0.3.7 | 239.80 | NOTE | |||
r-prerel-macos-arm64 | 0.3.7 | 59.00 | NOTE | |||
r-prerel-windows-x86_64 | 0.3.7 | 67.00 | 108.00 | 175.00 | NOTE | |
r-patched-linux-x86_64 | 0.3.7 | 88.06 | 81.06 | 169.12 | NOTE | |
r-release-linux-x86_64 | 0.3.7 | 80.87 | 79.40 | 160.27 | NOTE | |
r-release-macos-arm64 | 0.3.7 | 66.00 | NOTE | |||
r-release-macos-x86_64 | 0.3.7 | 117.00 | NOTE | |||
r-release-windows-x86_64 | 0.3.7 | 79.00 | 129.00 | 208.00 | NOTE | |
r-oldrel-macos-arm64 | 0.3.7 | 64.00 | OK | |||
r-oldrel-windows-x86_64 | 0.3.7 | 81.00 | 124.00 | 205.00 | OK |
Version: 0.3.7
Check: C++ specification
Result: NOTE
Specified C++11: please drop specification unless essential
Flavors: r-devel-linux-x86_64-debian-clang, r-devel-linux-x86_64-debian-gcc, r-devel-linux-x86_64-fedora-clang, r-devel-linux-x86_64-fedora-gcc, r-prerel-macos-arm64, r-prerel-windows-x86_64, r-patched-linux-x86_64, r-release-linux-x86_64, r-release-macos-arm64, r-release-macos-x86_64, r-release-windows-x86_64
Version: 0.3.7
Check: Rd files
Result: NOTE
checkRd: (-1) nanoperiod.Rd:268: Lost braces
268 | possible to use the binary operator `code{+}`. Instead the
| ^
Flavors: r-devel-linux-x86_64-debian-clang, r-devel-linux-x86_64-debian-gcc, r-devel-linux-x86_64-fedora-clang, r-devel-linux-x86_64-fedora-gcc, r-prerel-macos-arm64, r-prerel-windows-x86_64, r-patched-linux-x86_64
Version: 0.3.7
Check: compiled code
Result: NOTE
File ‘nanotime/libs/nanotime.so’:
Found non-API call to R: ‘SET_S4_OBJECT’
Compiled code should not call non-API entry points in R.
See ‘Writing portable packages’ in the ‘Writing R Extensions’ manual.
Flavors: r-devel-linux-x86_64-debian-gcc, r-devel-linux-x86_64-fedora-clang, r-devel-linux-x86_64-fedora-gcc