Last updated on 2022-06-26 11:52:38 CEST.
Flavor | Version | Tinstall | Tcheck | Ttotal | Status | Flags |
---|---|---|---|---|---|---|
r-devel-linux-x86_64-debian-clang | 0.1.1 | 1036.76 | 49.85 | 1086.61 | OK | |
r-devel-linux-x86_64-debian-gcc | 0.1.1 | 794.16 | 38.59 | 832.75 | OK | |
r-devel-linux-x86_64-fedora-clang | 0.1.1 | 1833.70 | NOTE | |||
r-devel-linux-x86_64-fedora-gcc | 0.1.1 | 1445.35 | NOTE | |||
r-devel-windows-x86_64 | 0.1.1 | 1053.00 | 107.00 | 1160.00 | NOTE | |
r-patched-linux-x86_64 | 0.1.1 | 829.18 | 47.75 | 876.93 | OK | |
r-release-linux-x86_64 | 0.1.1 | 869.67 | 48.42 | 918.09 | OK | |
r-release-macos-arm64 | 0.1.1 | 298.00 | NOTE | |||
r-release-macos-x86_64 | 0.1.1 | 413.00 | NOTE | |||
r-release-windows-x86_64 | 0.1.1 | 954.00 | 108.00 | 1062.00 | NOTE | |
r-oldrel-macos-arm64 | 0.1.1 | 337.00 | NOTE | |||
r-oldrel-macos-x86_64 | 0.1.1 | 672.00 | NOTE | |||
r-oldrel-windows-ix86+x86_64 | 0.1.1 | 2444.00 | 125.00 | 2569.00 | NOTE |
Version: 0.1.1
Check: installed package size
Result: NOTE
installed size is 22.0Mb
sub-directories of 1Mb or more:
data 1.9Mb
libs 18.8Mb
models 1.1Mb
Flavors: r-devel-linux-x86_64-fedora-clang, r-devel-windows-x86_64, r-release-macos-arm64, r-release-macos-x86_64, r-release-windows-x86_64, r-oldrel-macos-arm64, r-oldrel-macos-x86_64, r-oldrel-windows-ix86+x86_64
Version: 0.1.1
Check: data for non-ASCII characters
Result: NOTE
Note: found 47936 marked UTF-8 strings
Flavors: r-devel-linux-x86_64-fedora-clang, r-devel-linux-x86_64-fedora-gcc, r-release-macos-arm64, r-release-macos-x86_64, r-oldrel-macos-arm64, r-oldrel-macos-x86_64