Last updated on 2023-02-05 11:10:41 CET.
Flavor | Version | Tinstall | Tcheck | Ttotal | Status | Flags |
---|---|---|---|---|---|---|
r-devel-linux-x86_64-debian-clang | 0.4.5 | 5.46 | 105.38 | 110.84 | OK | |
r-devel-linux-x86_64-debian-gcc | 0.4.5 | 5.01 | 82.05 | 87.06 | OK | |
r-devel-linux-x86_64-fedora-clang | 0.4.5 | 140.99 | NOTE | |||
r-devel-linux-x86_64-fedora-gcc | 0.4.5 | 145.02 | OK | |||
r-devel-windows-x86_64 | 0.4.5 | 19.00 | 174.00 | 193.00 | NOTE | |
r-patched-linux-x86_64 | 0.4.5 | 6.07 | 102.75 | 108.82 | OK | |
r-release-linux-x86_64 | 0.4.5 | 6.03 | 102.82 | 108.85 | OK | |
r-release-macos-arm64 | 0.4.5 | 63.00 | NOTE | |||
r-release-macos-x86_64 | 0.4.5 | 113.00 | NOTE | |||
r-release-windows-x86_64 | 0.4.5 | 22.00 | 177.00 | 199.00 | NOTE | |
r-oldrel-macos-arm64 | 0.4.5 | 85.00 | NOTE | |||
r-oldrel-macos-x86_64 | 0.4.5 | 69.00 | NOTE | |||
r-oldrel-windows-ix86+x86_64 | 0.4.5 | 15.00 | 153.00 | 168.00 | NOTE |
Version: 0.4.5
Check: installed package size
Result: NOTE
installed size is 6.4Mb
sub-directories of 1Mb or more:
doc 5.4Mb
Flavors: r-devel-linux-x86_64-fedora-clang, r-devel-windows-x86_64, r-release-macos-arm64, r-release-macos-x86_64, r-release-windows-x86_64, r-oldrel-macos-arm64, r-oldrel-macos-x86_64, r-oldrel-windows-ix86+x86_64