Last updated on 2023-12-09 11:49:31 CET.
Flavor | Version | Tinstall | Tcheck | Ttotal | Status | Flags |
---|---|---|---|---|---|---|
r-devel-linux-x86_64-debian-clang | 1.0.12 | 8.51 | 361.16 | 369.67 | NOTE | |
r-devel-linux-x86_64-debian-gcc | 1.0.12 | 9.42 | 274.40 | 283.82 | NOTE | |
r-devel-linux-x86_64-fedora-clang | 1.0.12 | 449.83 | NOTE | |||
r-devel-linux-x86_64-fedora-gcc | 1.0.12 | 477.61 | NOTE | |||
r-devel-windows-x86_64 | 1.0.12 | 12.00 | 296.00 | 308.00 | NOTE | |
r-patched-linux-x86_64 | 1.0.12 | 10.42 | 346.39 | 356.81 | NOTE | |
r-release-linux-x86_64 | 1.0.12 | 8.46 | 341.24 | 349.70 | NOTE | |
r-release-macos-arm64 | 1.0.12 | 141.00 | NOTE | |||
r-release-macos-x86_64 | 1.0.12 | 403.00 | NOTE | |||
r-release-windows-x86_64 | 1.0.12 | 16.00 | 385.00 | 401.00 | NOTE | |
r-oldrel-macos-arm64 | 1.0.12 | 141.00 | NOTE | |||
r-oldrel-macos-x86_64 | 1.0.1 | 121.00 | NOTE | |||
r-oldrel-windows-x86_64 | 1.0.12 | 15.00 | 375.00 | 390.00 | NOTE |
Version: 1.0.12
Check: package dependencies
Result: NOTE
Package suggested but not available for checking: ‘rTubeDB’
Flavors: r-devel-linux-x86_64-debian-clang, r-devel-linux-x86_64-debian-gcc, r-devel-linux-x86_64-fedora-clang, r-devel-linux-x86_64-fedora-gcc, r-devel-windows-x86_64, r-patched-linux-x86_64, r-release-linux-x86_64, r-release-macos-arm64, r-release-macos-x86_64, r-release-windows-x86_64, r-oldrel-macos-arm64, r-oldrel-windows-x86_64
Version: 1.0.12
Check: Rd cross-references
Result: NOTE
Package unavailable to check Rd xrefs: ‘rTubeDB’
Flavors: r-devel-linux-x86_64-debian-clang, r-devel-linux-x86_64-debian-gcc, r-devel-linux-x86_64-fedora-clang, r-devel-linux-x86_64-fedora-gcc, r-devel-windows-x86_64, r-patched-linux-x86_64, r-release-linux-x86_64, r-release-macos-arm64, r-release-macos-x86_64, r-release-windows-x86_64, r-oldrel-macos-arm64, r-oldrel-windows-x86_64
Version: 1.0.12
Check: data for non-ASCII characters
Result: NOTE
Note: found 4 marked UTF-8 strings
Flavors: r-devel-linux-x86_64-fedora-clang, r-devel-linux-x86_64-fedora-gcc
Version: 1.0.1
Check: package dependencies
Result: NOTE
Package suggested but not available for checking: ‘rTubeDB’
Flavor: r-oldrel-macos-x86_64
Version: 1.0.1
Check: Rd cross-references
Result: NOTE
Package unavailable to check Rd xrefs: ‘rTubeDB’
Flavor: r-oldrel-macos-x86_64