CRAN Package Check Results for Package mxnorm

Last updated on 2024-02-29 13:54:42 CET.

Flavor Version Tinstall Tcheck Ttotal Status Flags
r-devel-linux-x86_64-debian-clang 1.0.3 15.04 194.82 209.86 OK
r-devel-linux-x86_64-debian-gcc 1.0.3 11.54 143.11 154.65 OK
r-devel-linux-x86_64-fedora-clang 1.0.3 275.94 NOTE
r-devel-linux-x86_64-fedora-gcc 1.0.3 272.50 NOTE
r-devel-windows-x86_64 1.0.3 13.00 200.00 213.00 OK
r-patched-linux-x86_64 1.0.3 9.84 184.53 194.37 OK
r-release-linux-x86_64 1.0.3 9.66 188.10 197.76 OK
r-release-macos-arm64 1.0.3 95.00 OK
r-release-macos-x86_64 1.0.3 216.00 OK
r-release-windows-x86_64 1.0.3 18.00 213.00 231.00 OK
r-oldrel-macos-arm64 1.0.3 78.00 OK
r-oldrel-windows-x86_64 1.0.3 19.00 218.00 237.00 OK

Check Details

Version: 1.0.3
Check: dependencies in R code
Result: NOTE Namespaces in Imports field not imported from: ‘e1071’ ‘glue’ All declared Imports should be used. Flavors: r-devel-linux-x86_64-fedora-clang, r-devel-linux-x86_64-fedora-gcc