CRAN Package Check Results for Package mwshiny

Last updated on 2023-02-02 11:54:09 CET.

Flavor Version Tinstall Tcheck Ttotal Status Flags
r-devel-linux-x86_64-debian-clang 2.1.0 3.80 43.02 46.82 NOTE
r-devel-linux-x86_64-debian-gcc 2.1.0 3.14 33.77 36.91 NOTE
r-devel-linux-x86_64-fedora-clang 2.1.0 60.71 NOTE
r-devel-linux-x86_64-fedora-gcc 2.1.0 69.98 NOTE
r-devel-windows-x86_64 2.1.0 16.00 78.00 94.00 NOTE
r-patched-linux-x86_64 2.1.0 4.33 44.49 48.82 NOTE
r-release-linux-x86_64 2.1.0 3.56 42.86 46.42 NOTE
r-release-macos-arm64 2.1.0 22.00 NOTE
r-release-macos-x86_64 2.1.0 46.00 NOTE
r-release-windows-x86_64 2.1.0 13.00 85.00 98.00 NOTE
r-oldrel-macos-arm64 2.1.0 31.00 NOTE
r-oldrel-macos-x86_64 2.1.0 44.00 NOTE
r-oldrel-windows-ix86+x86_64 2.1.0 11.00 82.00 93.00 NOTE

Check Details

Version: 2.1.0
Check: LazyData
Result: NOTE
     'LazyData' is specified without a 'data' directory
Flavors: r-devel-linux-x86_64-debian-clang, r-devel-linux-x86_64-debian-gcc, r-devel-linux-x86_64-fedora-clang, r-devel-linux-x86_64-fedora-gcc, r-devel-windows-x86_64, r-patched-linux-x86_64, r-release-linux-x86_64, r-release-macos-arm64, r-release-macos-x86_64, r-release-windows-x86_64, r-oldrel-macos-arm64, r-oldrel-macos-x86_64, r-oldrel-windows-ix86+x86_64