Last updated on 2024-04-25 07:59:59 CEST.
Flavor | Version | Tinstall | Tcheck | Ttotal | Status | Flags |
---|---|---|---|---|---|---|
r-devel-linux-x86_64-debian-clang | 0.1.8 | 158.42 | 110.26 | 268.68 | OK | |
r-devel-linux-x86_64-debian-gcc | 0.1.8 | 122.28 | 82.55 | 204.83 | OK | |
r-devel-linux-x86_64-fedora-clang | 0.1.8 | 365.32 | NOTE | |||
r-devel-linux-x86_64-fedora-gcc | 0.1.8 | 350.23 | NOTE | |||
r-devel-windows-x86_64 | 0.1.8 | 125.00 | 123.00 | 248.00 | OK | |
r-patched-linux-x86_64 | 0.1.8 | 151.64 | 105.16 | 256.80 | OK | |
r-release-linux-x86_64 | 0.1.8 | 159.56 | 105.77 | 265.33 | OK | |
r-release-macos-arm64 | 0.1.8 | 79.00 | NOTE | |||
r-release-macos-x86_64 | 0.1.8 | 144.00 | NOTE | |||
r-release-windows-x86_64 | 0.1.8 | 123.00 | 122.00 | 245.00 | OK | |
r-oldrel-macos-arm64 | 0.1.8 | 81.00 | NOTE | |||
r-oldrel-macos-x86_64 | 0.1.8 | 136.00 | NOTE | |||
r-oldrel-windows-x86_64 | 0.1.8 | 154.00 | 148.00 | 302.00 | OK |
Version: 0.1.8
Check: package dependencies
Result: NOTE
Packages suggested but not available for checking: 'BioNet', 'DLBCL'
Flavors: r-devel-linux-x86_64-fedora-clang, r-devel-linux-x86_64-fedora-gcc, r-release-macos-arm64, r-release-macos-x86_64, r-oldrel-macos-arm64, r-oldrel-macos-x86_64
Version: 0.1.8
Check: installed package size
Result: NOTE
installed size is 9.6Mb
sub-directories of 1Mb or more:
java 2.5Mb
libs 6.5Mb
Flavors: r-release-macos-arm64, r-release-macos-x86_64, r-oldrel-macos-arm64, r-oldrel-macos-x86_64