Last updated on 2025-05-13 10:51:22 CEST.
Flavor | Version | Tinstall | Tcheck | Ttotal | Status | Flags |
---|---|---|---|---|---|---|
r-devel-linux-x86_64-debian-clang | 0.0.4 | 5.37 | 62.29 | 67.66 | NOTE | |
r-devel-linux-x86_64-debian-gcc | 0.0.4 | 5.40 | 49.42 | 54.82 | NOTE | |
r-devel-linux-x86_64-fedora-clang | 0.0.4 | 105.27 | NOTE | |||
r-devel-linux-x86_64-fedora-gcc | 0.0.4 | 56.70 | NOTE | |||
r-devel-windows-x86_64 | 0.0.4 | 8.00 | 75.00 | 83.00 | NOTE | |
r-patched-linux-x86_64 | 0.0.4 | 6.33 | 59.85 | 66.18 | NOTE | |
r-release-linux-x86_64 | 0.0.4 | 6.39 | 59.55 | 65.94 | NOTE | |
r-release-macos-arm64 | 0.0.4 | 35.00 | NOTE | |||
r-release-macos-x86_64 | 0.0.4 | 65.00 | NOTE | |||
r-release-windows-x86_64 | 0.0.4 | 8.00 | 73.00 | 81.00 | NOTE | |
r-oldrel-macos-arm64 | 0.0.4 | 32.00 | NOTE | |||
r-oldrel-macos-x86_64 | 0.0.4 | 48.00 | NOTE | |||
r-oldrel-windows-x86_64 | 0.0.4 | 10.00 | 90.00 | 100.00 | NOTE |
Version: 0.0.4
Check: Rd files
Result: NOTE
checkRd: (-1) dmvss.Rd:92: Lost braces in \itemize; \value handles \item{}{} directly
checkRd: (-1) dmvss.Rd:93: Lost braces in \itemize; \value handles \item{}{} directly
checkRd: (-1) dmvss.Rd:94: Lost braces in \itemize; \value handles \item{}{} directly
checkRd: (-1) dmvss.Rd:95: Lost braces in \itemize; \value handles \item{}{} directly
checkRd: (-1) dmvss.Rd:96: Lost braces in \itemize; \value handles \item{}{} directly
checkRd: (-1) pmvss.Rd:97: Lost braces in \itemize; \value handles \item{}{} directly
checkRd: (-1) pmvss.Rd:98: Lost braces in \itemize; \value handles \item{}{} directly
checkRd: (-1) pmvss.Rd:99: Lost braces in \itemize; \value handles \item{}{} directly
checkRd: (-1) pmvss.Rd:100: Lost braces in \itemize; \value handles \item{}{} directly
checkRd: (-1) pmvss.Rd:101: Lost braces in \itemize; \value handles \item{}{} directly
Flavors: r-devel-linux-x86_64-debian-clang, r-devel-linux-x86_64-debian-gcc, r-devel-linux-x86_64-fedora-clang, r-devel-linux-x86_64-fedora-gcc, r-devel-windows-x86_64, r-patched-linux-x86_64, r-release-linux-x86_64, r-release-macos-arm64, r-release-macos-x86_64, r-release-windows-x86_64, r-oldrel-macos-arm64, r-oldrel-macos-x86_64, r-oldrel-windows-x86_64