CRAN Package Check Results for Package mvord

Last updated on 2022-11-30 10:51:44 CET.

Flavor Version Tinstall Tcheck Ttotal Status Flags
r-devel-linux-x86_64-debian-clang 1.1.1 17.50 214.93 232.43 OK
r-devel-linux-x86_64-debian-gcc 1.1.1 11.05 159.37 170.42 OK
r-devel-linux-x86_64-fedora-clang 1.1.1 294.30 NOTE
r-devel-linux-x86_64-fedora-gcc 1.1.1 284.87 OK
r-devel-windows-x86_64 1.1.1 51.00 269.00 320.00 OK
r-patched-linux-x86_64 1.1.1 15.19 203.50 218.69 OK
r-release-linux-x86_64 1.1.1 16.52 204.24 220.76 OK
r-release-macos-arm64 1.1.1 83.00 OK
r-release-macos-x86_64 1.1.1 104.00 OK
r-release-windows-x86_64 1.1.1 44.00 271.00 315.00 OK
r-oldrel-macos-arm64 1.1.1 101.00 OK
r-oldrel-macos-x86_64 1.1.1 157.00 OK
r-oldrel-windows-ix86+x86_64 1.1.1 34.00 363.00 397.00 OK

Check Details

Version: 1.1.1
Check: Rd cross-references
Result: NOTE
    Undeclared package ‘VGAM’ in Rd xrefs
Flavor: r-devel-linux-x86_64-fedora-clang