CRAN Package Check Results for Package mvord

Last updated on 2022-06-26 11:52:38 CEST.

Flavor Version Tinstall Tcheck Ttotal Status Flags
r-devel-linux-x86_64-debian-clang 1.1.1 13.92 209.49 223.41 OK
r-devel-linux-x86_64-debian-gcc 1.1.1 11.53 154.67 166.20 OK
r-devel-linux-x86_64-fedora-clang 1.1.1 274.00 NOTE
r-devel-linux-x86_64-fedora-gcc 1.1.1 275.11 OK
r-devel-windows-x86_64 1.1.1 43.00 253.00 296.00 OK
r-patched-linux-x86_64 1.1.1 14.45 200.31 214.76 OK
r-release-linux-x86_64 1.1.1 12.10 200.80 212.90 OK
r-release-macos-arm64 1.1.1 83.00 OK
r-release-macos-x86_64 1.1.1 104.00 OK
r-release-windows-x86_64 1.1.1 45.00 251.00 296.00 OK
r-oldrel-macos-arm64 1.1.1 101.00 OK
r-oldrel-macos-x86_64 1.1.1 157.00 OK
r-oldrel-windows-ix86+x86_64 1.1.1 33.00 351.00 384.00 OK

Check Details

Version: 1.1.1
Check: Rd cross-references
Result: NOTE
    Undeclared package ‘VGAM’ in Rd xrefs
Flavor: r-devel-linux-x86_64-fedora-clang