Last updated on 2024-03-28 09:51:49 CET.
Flavor | Version | Tinstall | Tcheck | Ttotal | Status | Flags |
---|---|---|---|---|---|---|
r-devel-linux-x86_64-debian-clang | 0.1.0 | 14.88 | 143.36 | 158.24 | NOTE | |
r-devel-linux-x86_64-debian-gcc | 0.1.0 | 11.62 | 108.31 | 119.93 | NOTE | |
r-devel-linux-x86_64-fedora-clang | 0.1.0 | 194.17 | NOTE | |||
r-devel-linux-x86_64-fedora-gcc | 0.1.0 | 201.92 | NOTE | |||
r-devel-windows-x86_64 | 0.1.0 | 13.00 | 121.00 | 134.00 | NOTE | |
r-patched-linux-x86_64 | 0.1.0 | 9.89 | 138.71 | 148.60 | NOTE | |
r-release-linux-x86_64 | 0.1.0 | 9.31 | 137.59 | 146.90 | OK | |
r-release-macos-arm64 | 0.1.0 | 67.00 | OK | |||
r-release-macos-x86_64 | 0.1.0 | 102.00 | OK | |||
r-release-windows-x86_64 | 0.1.0 | 19.00 | 151.00 | 170.00 | OK | |
r-oldrel-macos-arm64 | 0.1.0 | 76.00 | OK | |||
r-oldrel-windows-x86_64 | 0.1.0 | 22.00 | 157.00 | 179.00 | OK |
Version: 0.1.0
Check: Rd files
Result: NOTE
checkRd: (-1) hurricane.Rd:47-48: Lost braces
47 | \doi{10.1073/pnas.1402786111}{Female hurricanes are
| ^
checkRd: (-1) hurricane.Rd:55: Lost braces
55 | \doi{10.1038/s41562-020-0912-z}{Specification curve analysis}
| ^
checkRd: (-1) soccer.Rd:67: Lost braces; missing escapes or markup?
67 | {rater1} and {rater2}, and the 5-point scale values were
| ^
checkRd: (-1) soccer.Rd:67: Lost braces; missing escapes or markup?
67 | {rater1} and {rater2}, and the 5-point scale values were
| ^
Flavors: r-devel-linux-x86_64-debian-clang, r-devel-linux-x86_64-debian-gcc, r-devel-linux-x86_64-fedora-clang, r-devel-linux-x86_64-fedora-gcc, r-devel-windows-x86_64, r-patched-linux-x86_64