CRAN Package Check Results for Package munfold

Last updated on 2025-02-21 10:51:48 CET.

Flavor Version Tinstall Tcheck Ttotal Status Flags
r-devel-linux-x86_64-debian-clang 0.3.5 5.69 42.51 48.20 NOTE
r-devel-linux-x86_64-debian-gcc 0.3.5 3.45 29.65 33.10 NOTE
r-devel-linux-x86_64-fedora-clang 0.3.5 74.59 NOTE
r-devel-linux-x86_64-fedora-gcc 0.3.5 68.78 NOTE
r-devel-macos-arm64 0.3.5 25.00 NOTE
r-devel-macos-x86_64 0.3.5 45.00 NOTE
r-devel-windows-x86_64 0.3.5 5.00 56.00 61.00 NOTE
r-patched-linux-x86_64 0.3.5 4.87 38.02 42.89 NOTE
r-release-linux-x86_64 0.3.5 4.47 38.23 42.70 NOTE
r-release-macos-arm64 0.3.5 22.00 NOTE
r-release-macos-x86_64 0.3.5 41.00 NOTE
r-release-windows-x86_64 0.3.5 5.00 54.00 59.00 NOTE
r-oldrel-macos-arm64 0.3.5 23.00 OK
r-oldrel-macos-x86_64 0.3.5 37.00 OK
r-oldrel-windows-x86_64 0.3.5 5.00 63.00 68.00 OK

Check Details

Version: 0.3.5
Check: Rd files
Result: NOTE checkRd: (-1) metricUnfolding.Rd:69-70: Lost braces in \itemize; meant \describe ? checkRd: (-1) metricUnfolding.Rd:71-72: Lost braces in \itemize; meant \describe ? checkRd: (-1) metricUnfolding.Rd:73-74: Lost braces in \itemize; meant \describe ? checkRd: (-1) metricUnfolding.Rd:75-79: Lost braces in \itemize; meant \describe ? checkRd: (-1) metricUnfolding.Rd:80-86: Lost braces in \itemize; meant \describe ? Flavors: r-devel-linux-x86_64-debian-clang, r-devel-linux-x86_64-debian-gcc, r-devel-linux-x86_64-fedora-clang, r-devel-linux-x86_64-fedora-gcc, r-devel-macos-arm64, r-devel-macos-x86_64, r-devel-windows-x86_64, r-patched-linux-x86_64, r-release-linux-x86_64, r-release-macos-arm64, r-release-macos-x86_64, r-release-windows-x86_64