Last updated on 2023-12-02 12:48:24 CET.
Flavor | Version | Tinstall | Tcheck | Ttotal | Status | Flags |
---|---|---|---|---|---|---|
r-devel-linux-x86_64-debian-clang | 1.1.0 | 62.42 | 118.42 | 180.84 | NOTE | |
r-devel-linux-x86_64-debian-gcc | 1.1.0 | 50.48 | 86.15 | 136.63 | NOTE | |
r-devel-linux-x86_64-fedora-clang | 1.1.0 | 241.96 | NOTE | |||
r-devel-linux-x86_64-fedora-gcc | 1.1.0 | 249.18 | NOTE | |||
r-devel-windows-x86_64 | 1.1.0 | 52.00 | 123.00 | 175.00 | NOTE | |
r-patched-linux-x86_64 | 1.1.0 | 49.96 | 112.16 | 162.12 | NOTE | |
r-release-linux-x86_64 | 1.1.0 | 56.69 | 111.55 | 168.24 | NOTE | |
r-release-macos-arm64 | 1.1.0 | 75.00 | NOTE | |||
r-release-macos-x86_64 | 1.1.0 | 111.00 | NOTE | |||
r-release-windows-x86_64 | 1.1.0 | 67.00 | 143.00 | 210.00 | NOTE | |
r-oldrel-macos-arm64 | 1.1.0 | 65.00 | OK | |||
r-oldrel-macos-x86_64 | 1.1.0 | 90.00 | OK | |||
r-oldrel-windows-x86_64 | 1.1.0 | 68.00 | 152.00 | 220.00 | OK |
Version: 1.1.0
Check: C++ specification
Result: NOTE
Specified C++11: please drop specification unless essential
Flavors: r-devel-linux-x86_64-debian-clang, r-devel-linux-x86_64-debian-gcc, r-devel-linux-x86_64-fedora-clang, r-devel-linux-x86_64-fedora-gcc, r-devel-windows-x86_64, r-patched-linux-x86_64, r-release-linux-x86_64, r-release-macos-arm64, r-release-macos-x86_64, r-release-windows-x86_64