CRAN Package Check Results for Package multisensi

Last updated on 2024-04-14 12:01:00 CEST.

Flavor Version Tinstall Tcheck Ttotal Status Flags
r-devel-linux-x86_64-debian-clang 2.1-1 19.16 194.98 214.14 NOTE
r-devel-linux-x86_64-debian-gcc 2.1-1 13.91 139.30 153.21 NOTE
r-devel-linux-x86_64-fedora-clang 2.1-1 264.59 NOTE
r-devel-linux-x86_64-fedora-gcc 2.1-1 260.47 NOTE
r-devel-windows-x86_64 2.1-1 13.00 160.00 173.00 NOTE
r-patched-linux-x86_64 2.1-1 14.47 181.97 196.44 NOTE
r-release-linux-x86_64 2.1-1 10.80 192.13 202.93 OK
r-release-macos-arm64 2.1-1 82.00 OK
r-release-macos-x86_64 2.1-1 146.00 OK
r-release-windows-x86_64 2.1-1 19.00 192.00 211.00 OK
r-oldrel-macos-arm64 2.1-1 45.00 OK
r-oldrel-windows-x86_64 2.1-1 20.00 187.00 207.00 OK

Check Details

Version: 2.1-1
Check: Rd files
Result: NOTE checkRd: (-1) biomasse.Rd:30: Lost braces 30 | Makowski, D., Jeuffroy, M.-H., Gu\'{e}rif, M., 2004 Bayesian methods for | ^ checkRd: (-1) climat.Rd:20: Lost braces 20 | Makowski, D., Jeuffroy, M.-H., Gu\'{e}rif, M., 2004 Bayesian methods for | ^ checkRd: (-1) simulmodel.Rd:15: Lost braces 15 | \item{\dots}{... }{possible fixed parameters of the R-function} | ^ Flavors: r-devel-linux-x86_64-debian-clang, r-devel-linux-x86_64-debian-gcc, r-devel-linux-x86_64-fedora-clang, r-devel-linux-x86_64-fedora-gcc, r-devel-windows-x86_64, r-patched-linux-x86_64