CRAN Package Check Results for Package multiselect

Last updated on 2022-06-30 11:53:13 CEST.

Flavor Version Tinstall Tcheck Ttotal Status Flags
r-devel-linux-x86_64-debian-clang 0.1.0 2.25 29.26 31.51 NOTE
r-devel-linux-x86_64-debian-gcc 0.1.0 1.96 22.52 24.48 NOTE
r-devel-linux-x86_64-fedora-clang 0.1.0 48.76 NOTE
r-devel-linux-x86_64-fedora-gcc 0.1.0 47.84 NOTE
r-devel-windows-x86_64 0.1.0 16.00 54.00 70.00 NOTE
r-patched-linux-x86_64 0.1.0 1.64 28.74 30.38 NOTE
r-release-linux-x86_64 0.1.0 1.47 28.17 29.64 NOTE
r-release-macos-arm64 0.1.0 17.00 NOTE
r-release-macos-x86_64 0.1.0 28.00 NOTE
r-release-windows-x86_64 0.1.0 8.00 55.00 63.00 NOTE
r-oldrel-macos-arm64 0.1.0 18.00 NOTE
r-oldrel-macos-x86_64 0.1.0 29.00 NOTE
r-oldrel-windows-ix86+x86_64 0.1.0 6.00 46.00 52.00 NOTE

Check Details

Version: 0.1.0
Check: LazyData
Result: NOTE
     'LazyData' is specified without a 'data' directory
Flavors: r-devel-linux-x86_64-debian-clang, r-devel-linux-x86_64-debian-gcc, r-devel-linux-x86_64-fedora-clang, r-devel-linux-x86_64-fedora-gcc, r-devel-windows-x86_64, r-patched-linux-x86_64, r-release-linux-x86_64, r-release-macos-arm64, r-release-macos-x86_64, r-release-windows-x86_64, r-oldrel-macos-arm64, r-oldrel-macos-x86_64, r-oldrel-windows-ix86+x86_64