CRAN Package Check Results for Package multipleDL

Last updated on 2024-04-23 10:54:10 CEST.

Flavor Version Tinstall Tcheck Ttotal Status Flags
r-devel-linux-x86_64-debian-clang 1.0.0 204.46 134.04 338.50 NOTE
r-devel-linux-x86_64-debian-gcc 1.0.0 174.60 110.54 285.14 NOTE
r-devel-linux-x86_64-fedora-clang 1.0.0 423.57 NOTE
r-devel-linux-x86_64-fedora-gcc 1.0.0 487.61 NOTE
r-prerel-macos-arm64 1.0.0 101.00 NOTE
r-prerel-windows-x86_64 1.0.0 142.00 134.00 276.00 NOTE
r-patched-linux-x86_64 1.0.0 148.91 144.43 293.34 NOTE
r-release-linux-x86_64 1.0.0 145.10 145.26 290.36 NOTE
r-release-macos-arm64 1.0.0 106.00 NOTE
r-release-macos-x86_64 1.0.0 225.00 NOTE
r-release-windows-x86_64 1.0.0 188.00 162.00 350.00 NOTE
r-oldrel-macos-arm64 1.0.0 107.00 NOTE
r-oldrel-windows-x86_64 1.0.0 181.00 154.00 335.00 NOTE

Check Details

Version: 1.0.0
Check: for GNU extensions in Makefiles
Result: NOTE GNU make is a SystemRequirements. Flavors: r-devel-linux-x86_64-debian-clang, r-devel-linux-x86_64-debian-gcc, r-devel-linux-x86_64-fedora-clang, r-devel-linux-x86_64-fedora-gcc, r-prerel-macos-arm64, r-prerel-windows-x86_64, r-patched-linux-x86_64, r-release-linux-x86_64, r-release-macos-arm64, r-release-macos-x86_64, r-release-windows-x86_64, r-oldrel-macos-arm64, r-oldrel-windows-x86_64

Version: 1.0.0
Check: installed package size
Result: NOTE installed size is 42.6Mb sub-directories of 1Mb or more: libs 42.4Mb Flavors: r-prerel-macos-arm64, r-release-macos-arm64, r-release-macos-x86_64, r-oldrel-macos-arm64