CRAN Package Check Results for Package multimorbidity

Last updated on 2022-06-30 11:53:13 CEST.

Flavor Version Tinstall Tcheck Ttotal Status Flags
r-devel-linux-x86_64-debian-clang 0.5.0 10.47 59.41 69.88 OK
r-devel-linux-x86_64-debian-gcc 0.5.0 8.67 45.73 54.40 OK
r-devel-linux-x86_64-fedora-clang 0.5.0 94.21 NOTE
r-devel-linux-x86_64-fedora-gcc 0.5.0 92.11 NOTE
r-devel-windows-x86_64 0.5.0 28.00 87.00 115.00 OK
r-patched-linux-x86_64 0.5.0 10.90 59.15 70.05 OK
r-release-linux-x86_64 0.5.0 7.22 57.52 64.74 OK
r-release-macos-arm64 0.5.0 28.00 NOTE
r-release-macos-x86_64 0.5.0 48.00 NOTE
r-release-windows-x86_64 0.5.0 42.00 83.00 125.00 OK
r-oldrel-macos-arm64 0.5.0 28.00 NOTE
r-oldrel-macos-x86_64 0.5.0 38.00 NOTE
r-oldrel-windows-ix86+x86_64 0.5.0 20.00 83.00 103.00 OK

Check Details

Version: 0.5.0
Check: dependencies in R code
Result: NOTE
    Namespaces in Imports field not imported from:
     ‘devtools’ ‘stats’ ‘tidyverse’
     All declared Imports should be used.
Flavors: r-devel-linux-x86_64-fedora-clang, r-devel-linux-x86_64-fedora-gcc, r-release-macos-arm64, r-release-macos-x86_64, r-oldrel-macos-arm64, r-oldrel-macos-x86_64

Version: 0.5.0
Check: data for non-ASCII characters
Result: NOTE
     Note: found 15 marked UTF-8 strings
Flavors: r-devel-linux-x86_64-fedora-clang, r-devel-linux-x86_64-fedora-gcc, r-release-macos-arm64, r-release-macos-x86_64, r-oldrel-macos-arm64, r-oldrel-macos-x86_64