Last updated on 2024-03-28 09:51:49 CET.
Flavor | Version | Tinstall | Tcheck | Ttotal | Status | Flags |
---|---|---|---|---|---|---|
r-devel-linux-x86_64-debian-clang | 1.2.3 | 13.88 | 2.70 | 16.58 | ERROR | |
r-devel-linux-x86_64-debian-gcc | 1.2.3 | 10.11 | 2.21 | 12.32 | ERROR | |
r-devel-linux-x86_64-fedora-clang | 1.2.3 | 25.12 | ERROR | |||
r-devel-linux-x86_64-fedora-gcc | 1.2.3 | 24.62 | ERROR | |||
r-devel-windows-x86_64 | 1.2.3 | 12.00 | 5.00 | 17.00 | ERROR | |
r-patched-linux-x86_64 | 1.2.3 | 9.80 | 2.78 | 12.58 | ERROR | |
r-release-linux-x86_64 | 1.2.3 | 9.69 | 2.88 | 12.57 | ERROR | |
r-release-macos-arm64 | 1.2.3 | 111.00 | NOTE | |||
r-release-macos-x86_64 | 1.2.3 | 295.00 | NOTE | |||
r-release-windows-x86_64 | 1.2.3 | 16.00 | 6.00 | 22.00 | ERROR | |
r-oldrel-macos-arm64 | 1.2.3 | 148.00 | NOTE | |||
r-oldrel-windows-x86_64 | 1.2.3 | 15.00 | 11.00 | 26.00 | ERROR |
Version: 1.2.3
Check: package dependencies
Result: NOTE
Package suggested but not available for checking: ‘cmdstanr’
Flavors: r-devel-linux-x86_64-debian-clang, r-devel-linux-x86_64-debian-gcc, r-devel-linux-x86_64-fedora-clang, r-devel-linux-x86_64-fedora-gcc, r-devel-windows-x86_64, r-patched-linux-x86_64, r-release-linux-x86_64, r-release-macos-arm64, r-release-macos-x86_64, r-release-windows-x86_64, r-oldrel-macos-arm64, r-oldrel-windows-x86_64
Version: 1.2.3
Check: whether package can be installed
Result: ERROR
Installation failed.
Flavors: r-devel-linux-x86_64-debian-clang, r-devel-linux-x86_64-debian-gcc, r-devel-linux-x86_64-fedora-clang, r-devel-linux-x86_64-fedora-gcc, r-devel-windows-x86_64, r-patched-linux-x86_64, r-release-linux-x86_64, r-release-windows-x86_64, r-oldrel-windows-x86_64
Version: 1.2.3
Check: installed package size
Result: NOTE
installed size is 7.9Mb
sub-directories of 1Mb or more:
doc 6.3Mb
Flavors: r-release-macos-arm64, r-release-macos-x86_64, r-oldrel-macos-arm64