Last updated on 2023-09-25 12:01:45 CEST.
Flavor | Version | Tinstall | Tcheck | Ttotal | Status | Flags |
---|---|---|---|---|---|---|
r-devel-linux-x86_64-debian-clang | 1.2.1 | 41.74 | 374.90 | 416.64 | NOTE | |
r-devel-linux-x86_64-debian-gcc | 1.2.1 | 30.01 | 275.03 | 305.04 | NOTE | |
r-devel-linux-x86_64-fedora-clang | 1.2.1 | 506.02 | NOTE | |||
r-devel-linux-x86_64-fedora-gcc | 1.2.1 | 474.39 | NOTE | |||
r-devel-windows-x86_64 | 1.2.1 | 33.00 | 265.00 | 298.00 | NOTE | |
r-patched-linux-x86_64 | 1.2.1 | 45.17 | 352.47 | 397.64 | NOTE | |
r-release-linux-x86_64 | 1.2.1 | 26.51 | 351.30 | 377.81 | NOTE | |
r-release-macos-arm64 | 1.2.1 | 92.00 | NOTE | |||
r-release-macos-x86_64 | 1.2.1 | 225.00 | NOTE | |||
r-release-windows-x86_64 | 1.2.1 | 46.00 | 331.00 | 377.00 | NOTE | |
r-oldrel-macos-arm64 | 1.2.1 | 96.00 | NOTE | |||
r-oldrel-macos-x86_64 | 1.2.1 | 133.00 | NOTE | |||
r-oldrel-windows-x86_64 | 1.2.1 | 44.00 | 333.00 | 377.00 | NOTE |
Version: 1.2.1
Check: package dependencies
Result: NOTE
Package suggested but not available for checking: ‘cmdstanr’
Flavors: r-devel-linux-x86_64-debian-clang, r-devel-linux-x86_64-debian-gcc, r-devel-linux-x86_64-fedora-clang, r-devel-linux-x86_64-fedora-gcc, r-devel-windows-x86_64, r-patched-linux-x86_64, r-release-linux-x86_64, r-release-macos-arm64, r-release-macos-x86_64, r-release-windows-x86_64, r-oldrel-macos-arm64, r-oldrel-macos-x86_64, r-oldrel-windows-x86_64
Version: 1.2.1
Check: installed package size
Result: NOTE
installed size is 6.7Mb
sub-directories of 1Mb or more:
doc 6.4Mb
Flavors: r-devel-linux-x86_64-fedora-clang, r-devel-windows-x86_64, r-release-macos-arm64, r-release-macos-x86_64, r-release-windows-x86_64, r-oldrel-macos-arm64, r-oldrel-macos-x86_64, r-oldrel-windows-x86_64
Version: 1.2.1
Check: Rd cross-references
Result: NOTE
Undeclared packages ‘shiny’, ‘shinystan’, ‘gtable’ in Rd xrefs
Flavor: r-devel-linux-x86_64-fedora-clang