Last updated on 2024-04-17 10:41:43 CEST.
Flavor | Version | Tinstall | Tcheck | Ttotal | Status | Flags |
---|---|---|---|---|---|---|
r-devel-linux-x86_64-debian-clang | 0.1.1 | 22.55 | 259.63 | 282.18 | NOTE | |
r-devel-linux-x86_64-debian-gcc | 0.1.1 | 18.67 | 193.61 | 212.28 | NOTE | |
r-devel-linux-x86_64-fedora-clang | 0.1.1 | 358.74 | NOTE | |||
r-devel-linux-x86_64-fedora-gcc | 0.1.1 | 357.64 | NOTE | |||
r-prerel-macos-arm64 | 0.1.1 | 102.00 | NOTE | |||
r-prerel-windows-x86_64 | 0.1.1 | 20.00 | 189.00 | 209.00 | NOTE | |
r-patched-linux-x86_64 | 0.1.1 | 27.86 | 251.82 | 279.68 | NOTE | |
r-release-linux-x86_64 | 0.1.1 | 20.19 | 244.85 | 265.04 | NOTE | |
r-release-macos-arm64 | 0.1.1 | 110.00 | NOTE | |||
r-release-macos-x86_64 | 0.1.1 | 174.00 | NOTE | |||
r-release-windows-x86_64 | 0.1.1 | 26.00 | 257.00 | 283.00 | NOTE | |
r-oldrel-macos-arm64 | 0.1.1 | 106.00 | NOTE | |||
r-oldrel-windows-x86_64 | 0.1.1 | 25.00 | 246.00 | 271.00 | NOTE |
Version: 0.1.1
Check: LazyData
Result: NOTE
'LazyData' is specified without a 'data' directory
Flavors: r-devel-linux-x86_64-debian-clang, r-devel-linux-x86_64-debian-gcc, r-devel-linux-x86_64-fedora-clang, r-devel-linux-x86_64-fedora-gcc, r-prerel-macos-arm64, r-prerel-windows-x86_64, r-patched-linux-x86_64, r-release-linux-x86_64, r-release-macos-arm64, r-release-macos-x86_64, r-release-windows-x86_64, r-oldrel-macos-arm64, r-oldrel-windows-x86_64