Last updated on 2024-04-18 12:52:52 CEST.
Flavor | Version | Tinstall | Tcheck | Ttotal | Status | Flags |
---|---|---|---|---|---|---|
r-devel-linux-x86_64-debian-clang | 1.5 | 178.21 | 84.35 | 262.56 | OK | |
r-devel-linux-x86_64-debian-gcc | 1.5 | 137.71 | 61.16 | 198.87 | OK | |
r-devel-linux-x86_64-fedora-clang | 1.5 | 321.16 | OK | |||
r-devel-linux-x86_64-fedora-gcc | 1.5 | 358.03 | OK | |||
r-prerel-macos-arm64 | 1.5 | 85.00 | NOTE | |||
r-prerel-macos-x86_64 | 1.5 | 151.00 | NOTE | |||
r-prerel-windows-x86_64 | 1.5 | 117.00 | 99.00 | 216.00 | OK | |
r-patched-linux-x86_64 | 1.5 | 107.69 | 80.37 | 188.06 | OK | |
r-release-linux-x86_64 | 1.5 | 138.95 | 80.87 | 219.82 | OK | |
r-release-macos-arm64 | 1.5 | 78.00 | NOTE | |||
r-release-macos-x86_64 | 1.5 | 150.00 | NOTE | |||
r-release-windows-x86_64 | 1.5 | 154.00 | 124.00 | 278.00 | OK | |
r-oldrel-macos-arm64 | 1.5 | 83.00 | NOTE | |||
r-oldrel-windows-x86_64 | 1.5 | 144.00 | 116.00 | 260.00 | OK |
Version: 1.5
Check: installed package size
Result: NOTE
installed size is 12.6Mb
sub-directories of 1Mb or more:
libs 11.5Mb
Flavors: r-prerel-macos-arm64, r-prerel-macos-x86_64, r-release-macos-arm64, r-release-macos-x86_64, r-oldrel-macos-arm64