Last updated on 2024-04-18 12:52:52 CEST.
Flavor | Version | Tinstall | Tcheck | Ttotal | Status | Flags |
---|---|---|---|---|---|---|
r-devel-linux-x86_64-debian-clang | 1.1 | 1.63 | 24.83 | 26.46 | NOTE | |
r-devel-linux-x86_64-debian-gcc | 1.1 | 1.55 | 20.22 | 21.77 | NOTE | |
r-devel-linux-x86_64-fedora-clang | 1.1 | 36.59 | NOTE | |||
r-devel-linux-x86_64-fedora-gcc | 1.1 | 34.22 | NOTE | |||
r-prerel-macos-arm64 | 1.1 | 15.00 | NOTE | |||
r-prerel-windows-x86_64 | 1.1 | 2.00 | 41.00 | 43.00 | NOTE | |
r-patched-linux-x86_64 | 1.1 | 2.37 | 24.92 | 27.29 | NOTE | |
r-release-linux-x86_64 | 1.1 | 2.17 | 26.11 | 28.28 | OK | |
r-release-macos-arm64 | 1.1 | 18.00 | OK | |||
r-release-macos-x86_64 | 1.1 | 22.00 | OK | |||
r-release-windows-x86_64 | 1.1 | 4.00 | 41.00 | 45.00 | OK | |
r-oldrel-macos-arm64 | 1.1 | 17.00 | OK | |||
r-oldrel-windows-x86_64 | 1.1 | 5.00 | 50.00 | 55.00 | OK |
Version: 1.1
Check: Rd files
Result: NOTE
checkRd: (-1) dbivCMP.Rd:14: Lost braces; missing escapes or markup?
14 | \item{bivprob}{Bivariate probabilities, {p00, p01, p10, p11}.}
| ^
Flavors: r-devel-linux-x86_64-debian-clang, r-devel-linux-x86_64-debian-gcc, r-devel-linux-x86_64-fedora-clang, r-devel-linux-x86_64-fedora-gcc, r-prerel-macos-arm64, r-prerel-windows-x86_64, r-patched-linux-x86_64