CRAN Package Check Results for Package multiMarker

Last updated on 2022-10-02 13:50:47 CEST.

Flavor Version Tinstall Tcheck Ttotal Status Flags
r-devel-linux-x86_64-debian-clang 1.0.1 2.27 47.04 49.31 NOTE
r-devel-linux-x86_64-debian-gcc 1.0.1 2.40 33.94 36.34 NOTE
r-devel-linux-x86_64-fedora-clang 1.0.1 71.53 NOTE
r-devel-linux-x86_64-fedora-gcc 1.0.1 68.58 NOTE
r-devel-windows-x86_64 1.0.1 20.00 75.00 95.00 NOTE
r-patched-linux-x86_64 1.0.1 3.26 41.90 45.16 NOTE
r-release-linux-x86_64 1.0.1 2.32 43.17 45.49 NOTE
r-release-macos-arm64 1.0.1 19.00 NOTE
r-release-macos-x86_64 1.0.1 25.00 NOTE
r-release-windows-x86_64 1.0.1 18.00 66.00 84.00 NOTE
r-oldrel-macos-arm64 1.0.1 26.00 NOTE
r-oldrel-macos-x86_64 1.0.1 40.00 NOTE
r-oldrel-windows-ix86+x86_64 1.0.1 7.00 66.00 73.00 NOTE

Check Details

Version: 1.0.1
Check: LazyData
Result: NOTE
     'LazyData' is specified without a 'data' directory
Flavors: r-devel-linux-x86_64-debian-clang, r-devel-linux-x86_64-debian-gcc, r-devel-linux-x86_64-fedora-clang, r-devel-linux-x86_64-fedora-gcc, r-devel-windows-x86_64, r-patched-linux-x86_64, r-release-linux-x86_64, r-release-macos-arm64, r-release-macos-x86_64, r-release-windows-x86_64, r-oldrel-macos-arm64, r-oldrel-macos-x86_64, r-oldrel-windows-ix86+x86_64