CRAN Package Check Results for Package multfisher

Last updated on 2025-04-29 12:52:42 CEST.

Flavor Version Tinstall Tcheck Ttotal Status Flags
r-devel-linux-x86_64-debian-clang 1.1 2.60 24.98 27.58 NOTE
r-devel-linux-x86_64-debian-gcc 1.1 1.90 18.15 20.05 NOTE
r-devel-linux-x86_64-fedora-clang 1.1 43.77 OK
r-devel-linux-x86_64-fedora-gcc 1.1 45.59 OK
r-devel-windows-x86_64 1.1 4.00 45.00 49.00 OK
r-patched-linux-x86_64 1.1 2.63 24.01 26.64 OK
r-release-linux-x86_64 1.1 2.99 23.78 26.77 OK
r-release-macos-arm64 1.1 20.00 OK
r-release-macos-x86_64 1.1 49.00 OK
r-release-windows-x86_64 1.1 4.00 46.00 50.00 OK
r-oldrel-macos-arm64 1.1 15.00 NOTE
r-oldrel-macos-x86_64 1.1 49.00 NOTE
r-oldrel-windows-x86_64 1.1 3.00 43.00 46.00 NOTE

Check Details

Version: 1.1
Check: CRAN incoming feasibility
Result: NOTE Maintainer: ‘Robin Ristl <robin.ristl@meduniwien.ac.at>’ Package CITATION file contains call(s) to old-style personList() or as.personList(). Please use c() on person objects instead. Package CITATION file contains call(s) to old-style citEntry(). Please use bibentry() instead. Flavors: r-devel-linux-x86_64-debian-clang, r-devel-linux-x86_64-debian-gcc

Version: 1.1
Check: LazyData
Result: NOTE 'LazyData' is specified without a 'data' directory Flavors: r-oldrel-macos-arm64, r-oldrel-macos-x86_64, r-oldrel-windows-x86_64