CRAN Package Check Results for Package multcompView

Last updated on 2022-06-25 10:53:08 CEST.

Flavor Version Tinstall Tcheck Ttotal Status Flags
r-devel-linux-x86_64-debian-clang 0.1-8 3.28 62.26 65.54 NOTE
r-devel-linux-x86_64-debian-gcc 0.1-8 2.52 45.69 48.21 NOTE
r-devel-linux-x86_64-fedora-clang 0.1-8 87.46 NOTE
r-devel-linux-x86_64-fedora-gcc 0.1-8 86.14 NOTE
r-devel-windows-x86_64 0.1-8 35.00 94.00 129.00 NOTE
r-patched-linux-x86_64 0.1-8 3.05 60.74 63.79 OK
r-release-linux-x86_64 0.1-8 3.43 60.91 64.34 OK
r-release-macos-arm64 0.1-8 30.00 OK
r-release-macos-x86_64 0.1-8 38.00 OK
r-release-windows-x86_64 0.1-8 56.00 95.00 151.00 OK
r-oldrel-macos-arm64 0.1-8 27.00 OK
r-oldrel-macos-x86_64 0.1-8 47.00 OK
r-oldrel-windows-ix86+x86_64 0.1-8 7.00 84.00 91.00 OK

Check Details

Version: 0.1-8
Check: Rd files
Result: NOTE
    checkRd: (-1) print.multcompLetters.Rd:20: Escaped LaTeX specials: \$
Flavors: r-devel-linux-x86_64-debian-clang, r-devel-linux-x86_64-debian-gcc, r-devel-linux-x86_64-fedora-clang, r-devel-linux-x86_64-fedora-gcc, r-devel-windows-x86_64