CRAN Package Check Results for Package muhaz

Last updated on 2025-05-06 12:49:44 CEST.

Flavor Version Tinstall Tcheck Ttotal Status Flags
r-devel-linux-x86_64-debian-clang 1.2.6.4 7.30 53.26 60.56 NOTE
r-devel-linux-x86_64-debian-gcc 1.2.6.4 6.11 40.91 47.02 NOTE
r-devel-linux-x86_64-fedora-clang 1.2.6.4 93.46 OK
r-devel-linux-x86_64-fedora-gcc 1.2.6.4 90.53 OK
r-devel-windows-x86_64 1.2.6.4 11.00 68.00 79.00 OK
r-patched-linux-x86_64 1.2.6.4 6.23 51.39 57.62 OK
r-release-linux-x86_64 1.2.6.4 7.09 51.47 58.56 OK
r-release-macos-arm64 1.2.6.4 34.00 OK
r-release-macos-x86_64 1.2.6.4 57.00 OK
r-release-windows-x86_64 1.2.6.4 10.00 68.00 78.00 OK
r-oldrel-macos-arm64 1.2.6.4 32.00 OK
r-oldrel-macos-x86_64 1.2.6.4 66.00 OK
r-oldrel-windows-x86_64 1.2.6.4 13.00 78.00 91.00 OK

Check Details

Version: 1.2.6.4
Check: CRAN incoming feasibility
Result: NOTE Maintainer: ‘David Winsemius <dwinsemius@comcast.net>’ No Authors@R field in DESCRIPTION. Please add one, modifying Authors@R: c(person(given = c("S", "original", "by", "Kenneth"), family = "Hess", role = "aut"), person(given = c("R", "port", "by", "R."), family = "Gentleman", role = "aut"), person(given = "David", family = "Winsemius", role = "cre", email = "dwinsemius@comcast.net")) as necessary. Flavors: r-devel-linux-x86_64-debian-clang, r-devel-linux-x86_64-debian-gcc