Last updated on 2024-04-18 12:52:51 CEST.
Flavor | Version | Tinstall | Tcheck | Ttotal | Status | Flags |
---|---|---|---|---|---|---|
r-devel-linux-x86_64-debian-clang | 1.1.21 | 21.08 | 134.95 | 156.03 | NOTE | |
r-devel-linux-x86_64-debian-gcc | 1.1.21 | 15.46 | 99.08 | 114.54 | NOTE | |
r-devel-linux-x86_64-fedora-clang | 1.1.21 | 190.80 | NOTE | |||
r-devel-linux-x86_64-fedora-gcc | 1.1.21 | 177.76 | NOTE | |||
r-prerel-macos-arm64 | 1.1.21 | 51.00 | NOTE | |||
r-prerel-windows-x86_64 | 1.1.21 | 16.00 | 105.00 | 121.00 | NOTE | |
r-patched-linux-x86_64 | 1.1.21 | 12.40 | 99.45 | 111.85 | NOTE | |
r-release-linux-x86_64 | 1.1.21 | 12.38 | 131.35 | 143.73 | OK | |
r-release-macos-arm64 | 1.1.21 | 57.00 | OK | |||
r-release-macos-x86_64 | 1.1.21 | 91.00 | OK | |||
r-release-windows-x86_64 | 1.1.21 | 22.00 | 135.00 | 157.00 | OK | |
r-oldrel-macos-arm64 | 1.1.21 | 49.00 | OK | |||
r-oldrel-windows-x86_64 | 1.1.21 | 22.00 | 141.00 | 163.00 | OK |
Version: 1.1.21
Check: Rd files
Result: NOTE
checkRd: (-1) coef.mdf.Rd:17: Lost braces; missing escapes or markup?
17 | \item{type}{: Argument that controls the type of parameters to be returned. If \code{type="persons"} (default), a vector with the person parameters is returned. When \code{type="items"} then a vector with the item ranks obtained by the MUDFOLD item selection algorithm is returned. If {type="all"} then a list with both person and item coefficients is returned to the user.
| ^
Flavors: r-devel-linux-x86_64-debian-clang, r-devel-linux-x86_64-debian-gcc, r-devel-linux-x86_64-fedora-clang, r-devel-linux-x86_64-fedora-gcc, r-prerel-macos-arm64, r-prerel-windows-x86_64, r-patched-linux-x86_64