CRAN Package Check Results for Package msme

Last updated on 2025-02-01 12:48:32 CET.

Flavor Version Tinstall Tcheck Ttotal Status Flags
r-devel-linux-x86_64-debian-clang 0.5.3 3.24 43.91 47.15 NOTE
r-devel-linux-x86_64-debian-gcc 0.5.3 2.20 32.54 34.74 NOTE
r-devel-linux-x86_64-fedora-clang 0.5.3 75.38 NOTE
r-devel-linux-x86_64-fedora-gcc 0.5.3 72.71 NOTE
r-devel-windows-x86_64 0.5.3 6.00 93.00 99.00 NOTE
r-patched-linux-x86_64 0.5.3 3.68 42.31 45.99 NOTE
r-release-linux-x86_64 0.5.3 2.92 42.43 45.35 NOTE
r-release-macos-arm64 0.5.3 26.00 NOTE
r-release-macos-x86_64 0.5.3 40.00 NOTE
r-release-windows-x86_64 0.5.3 5.00 78.00 83.00 NOTE
r-oldrel-macos-arm64 0.5.3 31.00 NOTE
r-oldrel-macos-x86_64 0.5.3 43.00 NOTE
r-oldrel-windows-x86_64 0.5.3 6.00 83.00 89.00 NOTE

Check Details

Version: 0.5.3
Check: Rd files
Result: NOTE checkRd: (-1) ml_g.Rd:47: Escaped LaTeX specials: \& Flavors: r-devel-linux-x86_64-debian-clang, r-devel-linux-x86_64-debian-gcc, r-devel-linux-x86_64-fedora-clang, r-devel-linux-x86_64-fedora-gcc, r-devel-windows-x86_64, r-patched-linux-x86_64, r-release-linux-x86_64, r-release-macos-arm64, r-release-macos-x86_64, r-release-windows-x86_64, r-oldrel-macos-arm64, r-oldrel-macos-x86_64, r-oldrel-windows-x86_64

Version: 0.5.3
Check: Rd cross-references
Result: NOTE Found the following Rd file(s) with Rd \link{} targets missing package anchors: P__disp.Rd: glm.nb Please provide package anchors for all Rd \link{} targets not in the package itself and the base packages. Flavors: r-devel-linux-x86_64-debian-clang, r-devel-linux-x86_64-debian-gcc, r-devel-windows-x86_64