Last updated on 2024-04-19 11:56:53 CEST.
Flavor | Version | Tinstall | Tcheck | Ttotal | Status | Flags |
---|---|---|---|---|---|---|
r-devel-linux-x86_64-debian-clang | 1.0.1 | 34.93 | 39.52 | 74.45 | NOTE | |
r-devel-linux-x86_64-debian-gcc | 1.0.1 | NOTE | ||||
r-devel-linux-x86_64-fedora-clang | 1.0.1 | 109.33 | NOTE | |||
r-devel-linux-x86_64-fedora-gcc | 1.0.1 | 119.27 | NOTE | |||
r-prerel-macos-arm64 | 1.0.1 | 32.00 | NOTE | |||
r-prerel-windows-x86_64 | 1.0.1 | 31.00 | 68.00 | 99.00 | NOTE | |
r-patched-linux-x86_64 | 1.0.1 | 33.44 | 37.25 | 70.69 | NOTE | |
r-release-linux-x86_64 | 1.0.1 | 36.61 | 36.36 | 72.97 | NOTE | |
r-release-macos-arm64 | 1.0.1 | 36.00 | NOTE | |||
r-release-macos-x86_64 | 1.0.1 | 64.00 | NOTE | |||
r-release-windows-x86_64 | 1.0.1 | 34.00 | 82.00 | 116.00 | NOTE | |
r-oldrel-macos-arm64 | 1.0.1 | 33.00 | OK | |||
r-oldrel-windows-x86_64 | 1.0.1 | 35.00 | 80.00 | 115.00 | OK |
Version: 1.0.1
Check: C++ specification
Result: NOTE
Specified C++11: please drop specification unless essential
Flavors: r-devel-linux-x86_64-debian-clang, r-devel-linux-x86_64-debian-gcc, r-devel-linux-x86_64-fedora-clang, r-devel-linux-x86_64-fedora-gcc, r-prerel-macos-arm64, r-prerel-windows-x86_64, r-patched-linux-x86_64, r-release-linux-x86_64, r-release-macos-arm64, r-release-macos-x86_64, r-release-windows-x86_64