Last updated on 2025-04-29 12:52:42 CEST.
Flavor | Version | Tinstall | Tcheck | Ttotal | Status | Flags |
---|---|---|---|---|---|---|
r-devel-linux-x86_64-debian-clang | 0.1.0 | 2.33 | 21.72 | 24.05 | NOTE | |
r-devel-linux-x86_64-debian-gcc | 0.1.0 | 1.74 | 17.14 | 18.88 | NOTE | |
r-devel-linux-x86_64-fedora-clang | 0.1.0 | 37.11 | NOTE | |||
r-devel-linux-x86_64-fedora-gcc | 0.1.0 | 35.93 | NOTE | |||
r-devel-windows-x86_64 | 0.1.0 | 3.00 | 40.00 | 43.00 | NOTE | |
r-patched-linux-x86_64 | 0.1.0 | 2.47 | 20.85 | 23.32 | NOTE | |
r-release-linux-x86_64 | 0.1.0 | 2.06 | 20.82 | 22.88 | NOTE | |
r-release-macos-arm64 | 0.1.0 | 18.00 | NOTE | |||
r-release-macos-x86_64 | 0.1.0 | 32.00 | NOTE | |||
r-release-windows-x86_64 | 0.1.0 | 3.00 | 41.00 | 44.00 | NOTE | |
r-oldrel-macos-arm64 | 0.1.0 | 16.00 | NOTE | |||
r-oldrel-macos-x86_64 | 0.1.0 | 23.00 | NOTE | |||
r-oldrel-windows-x86_64 | 0.1.0 | 4.00 | 38.00 | 42.00 | NOTE |
Version: 0.1.0
Check: CRAN incoming feasibility
Result: NOTE
Maintainer: ‘Lukas W. Lehnert <lukaslehnert@googlemail.com>’
No Authors@R field in DESCRIPTION.
Please add one, modifying
Authors@R: c(person(given = c("Wolfgang", "A."),
family = "Obermeier",
role = c("cre", "aut")),
person(given = c("Lukas", "W."),
family = "Lehnert",
role = c("cre", "aut"),
email = "lukaslehnert@googlemail.com"),
person(given = "Joerg",
family = "Bendix",
role = "aut"))
as necessary.
Package CITATION file contains call(s) to old-style personList() or
as.personList(). Please use c() on person objects instead.
Package CITATION file contains call(s) to old-style citEntry(). Please
use bibentry() instead.
Found the following \keyword or \concept entries
which likely give several index terms:
File ‘GiFACE_data.Rd’:
\keyword{datasets, GiFACE}
Flavors: r-devel-linux-x86_64-debian-clang, r-devel-linux-x86_64-debian-gcc
Version: 0.1.0
Check: Rd files
Result: NOTE
checkRd: (-1) msa-package.Rd:17: Lost braces in \enumerate; meant \describe ?
checkRd: (-1) msa-package.Rd:19: Lost braces in \enumerate; meant \describe ?
checkRd: (-1) msa-package.Rd:21: Lost braces in \enumerate; meant \describe ?
checkRd: (-1) msa.Rd:65: Lost braces in \enumerate; meant \describe ?
checkRd: (-1) msa.Rd:67: Lost braces in \enumerate; meant \describe ?
checkRd: (-1) msa.Rd:69: Lost braces in \enumerate; meant \describe ?
checkRd: (-1) msa.Rd:42: Lost braces in \itemize; \value handles \item{}{} directly
checkRd: (-1) msa.Rd:43: Lost braces in \itemize; \value handles \item{}{} directly
checkRd: (-1) msa.Rd:44: Lost braces in \itemize; \value handles \item{}{} directly
checkRd: (-1) msa.Rd:45: Lost braces in \itemize; \value handles \item{}{} directly
checkRd: (-1) msa.Rd:47: Lost braces in \itemize; \value handles \item{}{} directly
checkRd: (-1) msa.Rd:48: Lost braces in \itemize; \value handles \item{}{} directly
checkRd: (-1) summary.msa.Rd:24: Lost braces in \itemize; meant \describe ?
checkRd: (-1) summary.msa.Rd:25: Lost braces in \itemize; meant \describe ?
checkRd: (-1) summary.msa.Rd:26: Lost braces in \itemize; meant \describe ?
checkRd: (-1) summary.msa.Rd:27: Lost braces in \itemize; meant \describe ?
checkRd: (-1) summary.msa.Rd:28: Lost braces in \itemize; meant \describe ?
checkRd: (-1) summary.msa.Rd:29: Lost braces in \itemize; meant \describe ?
checkRd: (-1) summary.msa.Rd:30: Lost braces in \itemize; meant \describe ?
Flavors: r-devel-linux-x86_64-debian-clang, r-devel-linux-x86_64-debian-gcc, r-devel-linux-x86_64-fedora-clang, r-devel-linux-x86_64-fedora-gcc, r-devel-windows-x86_64, r-patched-linux-x86_64, r-release-linux-x86_64, r-release-macos-arm64, r-release-macos-x86_64, r-release-windows-x86_64, r-oldrel-macos-arm64, r-oldrel-macos-x86_64, r-oldrel-windows-x86_64