CRAN Package Check Results for Package mro

Last updated on 2023-10-01 12:00:43 CEST.

Flavor Version Tinstall Tcheck Ttotal Status Flags
r-devel-linux-x86_64-debian-clang 0.1.1 1.84 22.39 24.23 NOTE
r-devel-linux-x86_64-debian-gcc 0.1.1 1.47 17.71 19.18 NOTE
r-devel-linux-x86_64-fedora-clang 0.1.1 30.33 NOTE
r-devel-linux-x86_64-fedora-gcc 0.1.1 29.82 NOTE
r-devel-windows-x86_64 0.1.1 4.00 40.00 44.00 NOTE
r-patched-linux-x86_64 0.1.1 1.79 20.23 22.02 NOTE
r-release-linux-x86_64 0.1.1 1.78 20.41 22.19 NOTE
r-release-macos-arm64 0.1.1 17.00 NOTE
r-release-macos-x86_64 0.1.1 19.00 NOTE
r-release-windows-x86_64 0.1.1 4.00 38.00 42.00 NOTE
r-oldrel-macos-arm64 0.1.1 18.00 NOTE
r-oldrel-macos-x86_64 0.1.1 19.00 NOTE
r-oldrel-windows-x86_64 0.1.1 4.00 40.00 44.00 NOTE

Check Details

Version: 0.1.1
Check: LazyData
Result: NOTE
     'LazyData' is specified without a 'data' directory
Flavors: r-devel-linux-x86_64-debian-clang, r-devel-linux-x86_64-debian-gcc, r-devel-linux-x86_64-fedora-clang, r-devel-linux-x86_64-fedora-gcc, r-devel-windows-x86_64, r-patched-linux-x86_64, r-release-linux-x86_64, r-release-macos-arm64, r-release-macos-x86_64, r-release-windows-x86_64, r-oldrel-macos-arm64, r-oldrel-macos-x86_64, r-oldrel-windows-x86_64