CRAN Package Check Results for Package mritc

Last updated on 2022-07-06 12:53:40 CEST.

Flavor Version Tinstall Tcheck Ttotal Status Flags
r-devel-linux-x86_64-debian-clang 0.5-2 11.60 76.00 87.60 NOTE
r-devel-linux-x86_64-debian-gcc 0.5-2 8.97 57.97 66.94 NOTE
r-devel-linux-x86_64-fedora-clang 0.5-2 116.71 NOTE
r-devel-linux-x86_64-fedora-gcc 0.5-2 116.17 NOTE
r-devel-windows-x86_64 0.5-2 37.00 111.00 148.00 NOTE
r-patched-linux-x86_64 0.5-2 12.92 81.73 94.65 NOTE
r-release-linux-x86_64 0.5-2 13.07 81.66 94.73 NOTE
r-release-windows-x86_64 0.5-2 38.00 113.00 151.00 NOTE
r-oldrel-windows-ix86+x86_64 0.5-2 38.00 134.00 172.00 NOTE

Additional issues

rchk

Check Details

Version: 0.5-2
Check: LazyData
Result: NOTE
     'LazyData' is specified without a 'data' directory
Flavors: r-devel-linux-x86_64-debian-clang, r-devel-linux-x86_64-debian-gcc, r-devel-linux-x86_64-fedora-clang, r-devel-linux-x86_64-fedora-gcc, r-devel-windows-x86_64, r-patched-linux-x86_64, r-release-linux-x86_64, r-release-windows-x86_64, r-oldrel-windows-ix86+x86_64