Last updated on 2025-04-29 12:52:42 CEST.
Flavor | Version | Tinstall | Tcheck | Ttotal | Status | Flags |
---|---|---|---|---|---|---|
r-devel-linux-x86_64-debian-clang | 1.0.1 | 1.72 | 35.77 | 37.49 | NOTE | |
r-devel-linux-x86_64-debian-gcc | 1.0.1 | 1.38 | 24.15 | 25.53 | NOTE | |
r-devel-linux-x86_64-fedora-clang | 1.0.1 | 58.49 | OK | |||
r-devel-linux-x86_64-fedora-gcc | 1.0.1 | 56.96 | OK | |||
r-devel-windows-x86_64 | 1.0.1 | 2.00 | 49.00 | 51.00 | OK | |
r-patched-linux-x86_64 | 1.0.1 | 1.71 | 34.34 | 36.05 | OK | |
r-release-linux-x86_64 | 1.0.1 | 1.62 | 33.74 | 35.36 | OK | |
r-release-macos-arm64 | 1.0.1 | 26.00 | OK | |||
r-release-macos-x86_64 | 1.0.1 | 48.00 | OK | |||
r-release-windows-x86_64 | 1.0.1 | 3.00 | 52.00 | 55.00 | OK | |
r-oldrel-macos-arm64 | 1.0.1 | 19.00 | OK | |||
r-oldrel-macos-x86_64 | 1.0.1 | 33.00 | OK | |||
r-oldrel-windows-x86_64 | 1.0.1 | 4.00 | 47.00 | 51.00 | OK |
Version: 1.0.1
Check: examples
Result: NOTE
Examples with CPU (user + system) or elapsed time > 5s
user system elapsed
MW1 8.783 0.040 10.315
MW2 8.368 0.003 9.981
Flavor: r-devel-linux-x86_64-debian-clang
Version: 1.0.1
Check: examples
Result: NOTE
Examples with CPU (user + system) or elapsed time > 5s
user system elapsed
MW1 4.509 0.169 6.141
MW2 4.461 0.126 6.500
Flavor: r-devel-linux-x86_64-debian-gcc