Last updated on 2025-07-13 12:49:22 CEST.
Flavor | Version | Tinstall | Tcheck | Ttotal | Status | Flags |
---|---|---|---|---|---|---|
r-devel-linux-x86_64-debian-clang | 0.2.1 | 6.24 | 93.53 | 99.77 | NOTE | |
r-devel-linux-x86_64-debian-gcc | 0.2.1 | 4.42 | 66.67 | 71.09 | NOTE | |
r-devel-linux-x86_64-fedora-clang | 0.2.1 | 159.16 | OK | |||
r-devel-linux-x86_64-fedora-gcc | 0.2.1 | 171.52 | OK | |||
r-devel-windows-x86_64 | 0.2.1 | 7.00 | 116.00 | 123.00 | NOTE | |
r-patched-linux-x86_64 | 0.2.1 | 6.27 | 85.36 | 91.63 | NOTE | |
r-release-linux-x86_64 | 0.2.1 | 5.89 | 86.19 | 92.08 | NOTE | |
r-release-macos-arm64 | 0.2.1 | 56.00 | OK | |||
r-release-macos-x86_64 | 0.2.1 | 103.00 | OK | |||
r-release-windows-x86_64 | 0.2.1 | 9.00 | 116.00 | 125.00 | NOTE | |
r-oldrel-macos-arm64 | 0.2.1 | 54.00 | OK | |||
r-oldrel-macos-x86_64 | 0.2.1 | 81.00 | OK | |||
r-oldrel-windows-x86_64 | 0.2.1 | 11.00 | 144.00 | 155.00 | OK |
Version: 0.2.1
Check: CRAN incoming feasibility
Result: NOTE
Maintainer: ‘Kyle Baron <kylebtwin@imap.cc>’
No Authors@R field in DESCRIPTION.
Please add one, modifying
Authors@R: person(given = "Kyle",
family = "Baron",
role = c("aut", "cre"),
email = "kylebtwin@imap.cc")
as necessary.
Flavors: r-devel-linux-x86_64-debian-clang, r-devel-linux-x86_64-debian-gcc
Version: 0.2.1
Check: Rd cross-references
Result: NOTE
Found the following Rd file(s) with Rd \link{} targets missing package
anchors:
parallel_mrgsim_d.Rd: mrgsim_d, future_lapply
parallel_mrgsim_ei.Rd: mrgsim_d, future_lapply
Please provide package anchors for all Rd \link{} targets not in the
package itself and the base packages.
Flavors: r-devel-linux-x86_64-debian-clang, r-devel-linux-x86_64-debian-gcc, r-devel-windows-x86_64, r-patched-linux-x86_64, r-release-linux-x86_64, r-release-windows-x86_64