CRAN Package Check Results for Package mrgsim.parallel

Last updated on 2022-06-28 12:52:30 CEST.

Flavor Version Tinstall Tcheck Ttotal Status Flags
r-devel-linux-x86_64-debian-clang 0.2.1 8.53 122.65 131.18 OK
r-devel-linux-x86_64-debian-gcc 0.2.1 5.57 88.74 94.31 OK
r-devel-linux-x86_64-fedora-clang 0.2.1 167.44 NOTE
r-devel-linux-x86_64-fedora-gcc 0.2.1 157.51 OK
r-devel-windows-x86_64 0.2.1 122.00 159.00 281.00 OK
r-patched-linux-x86_64 0.2.1 14.35 113.38 127.73 OK
r-release-linux-x86_64 0.2.1 8.17 114.18 122.35 OK
r-release-macos-arm64 0.2.1 48.00 OK
r-release-macos-x86_64 0.2.1 91.00 OK
r-release-windows-x86_64 0.2.1 129.00 156.00 285.00 OK
r-oldrel-macos-arm64 0.2.1 46.00 OK
r-oldrel-macos-x86_64 0.2.1 63.00 OK
r-oldrel-windows-ix86+x86_64 0.2.1 19.00 150.00 169.00 OK

Check Details

Version: 0.2.1
Check: Rd cross-references
Result: NOTE
    Undeclared package ‘processx’ in Rd xrefs
Flavor: r-devel-linux-x86_64-fedora-clang