Last updated on 2022-06-29 11:52:15 CEST.
Flavor | Version | Tinstall | Tcheck | Ttotal | Status | Flags |
---|---|---|---|---|---|---|
r-devel-linux-x86_64-debian-clang | 0.5.1 | 533.94 | 136.64 | 670.58 | NOTE | |
r-devel-linux-x86_64-debian-gcc | 0.5.1 | 513.61 | 126.17 | 639.78 | NOTE | |
r-devel-linux-x86_64-fedora-clang | 0.5.1 | 978.78 | NOTE | |||
r-devel-linux-x86_64-fedora-gcc | 0.5.1 | 1037.83 | NOTE | |||
r-devel-windows-x86_64 | 0.5.1 | 359.00 | 232.00 | 591.00 | NOTE | |
r-patched-linux-x86_64 | 0.5.1 | 503.60 | 164.04 | 667.64 | NOTE | |
r-release-linux-x86_64 | 0.5.1 | 499.36 | 156.11 | 655.47 | NOTE | |
r-release-macos-arm64 | 0.5.1 | 243.00 | NOTE | |||
r-release-macos-x86_64 | 0.5.1 | 382.00 | NOTE | |||
r-release-windows-x86_64 | 0.5.1 | 365.00 | 231.00 | 596.00 | NOTE | |
r-oldrel-macos-arm64 | 0.5.1 | 235.00 | NOTE | |||
r-oldrel-macos-x86_64 | 0.5.1 | 288.00 | NOTE | |||
r-oldrel-windows-ix86+x86_64 | 0.5.1 | 1239.00 | 285.00 | 1524.00 | NOTE |
Version: 0.5.1
Check: for GNU extensions in Makefiles
Result: NOTE
GNU make is a SystemRequirements.
Flavors: r-devel-linux-x86_64-debian-clang, r-devel-linux-x86_64-debian-gcc, r-devel-linux-x86_64-fedora-clang, r-devel-linux-x86_64-fedora-gcc, r-devel-windows-x86_64, r-patched-linux-x86_64, r-release-linux-x86_64, r-release-macos-arm64, r-release-macos-x86_64, r-release-windows-x86_64, r-oldrel-macos-arm64, r-oldrel-macos-x86_64, r-oldrel-windows-ix86+x86_64
Version: 0.5.1
Check: installed package size
Result: NOTE
installed size is 57.1Mb
sub-directories of 1Mb or more:
libs 56.7Mb
Flavors: r-devel-linux-x86_64-fedora-clang, r-release-macos-arm64, r-release-macos-x86_64, r-oldrel-macos-arm64, r-oldrel-macos-x86_64, r-oldrel-windows-ix86+x86_64
Version: 0.5.1
Check: dependencies in R code
Result: NOTE
Namespace in Imports field not imported from: ‘rstantools’
All declared Imports should be used.
Flavors: r-devel-linux-x86_64-fedora-clang, r-devel-linux-x86_64-fedora-gcc, r-release-macos-arm64, r-release-macos-x86_64, r-oldrel-macos-arm64, r-oldrel-macos-x86_64
Version: 0.5.1
Check: package dependencies
Result: NOTE
Package suggested but not available for checking: ‘rjags’
Flavor: r-release-macos-x86_64
Version: 0.5.1
Check: Rd cross-references
Result: NOTE
Package unavailable to check Rd xrefs: ‘rjags’
Flavor: r-release-macos-x86_64