CRAN Package Check Results for Package mptools

Last updated on 2022-06-28 12:52:30 CEST.

Flavor Version Tinstall Tcheck Ttotal Status Flags
r-devel-linux-x86_64-debian-clang 1.0.1 31.03 548.92 579.95 NOTE
r-devel-linux-x86_64-debian-gcc 1.0.1 25.93 353.28 379.21 NOTE
r-devel-linux-x86_64-fedora-clang 1.0.1 404.43 ERROR
r-devel-linux-x86_64-fedora-gcc 1.0.1 427.15 ERROR
r-devel-windows-x86_64 1.0.1 88.00 396.00 484.00 NOTE
r-patched-linux-x86_64 1.0.1 25.99 467.09 493.08 NOTE
r-release-linux-x86_64 1.0.1 33.88 470.22 504.10 NOTE
r-release-macos-arm64 1.0.1 122.00 NOTE
r-release-macos-x86_64 1.0.1 194.00 NOTE
r-release-windows-x86_64 1.0.1 100.00 388.00 488.00 NOTE
r-oldrel-macos-arm64 1.0.1 170.00 NOTE
r-oldrel-macos-x86_64 1.0.1 197.00 NOTE
r-oldrel-windows-ix86+x86_64 1.0.1 71.00 381.00 452.00 NOTE

Check Details

Version: 1.0.1
Check: LazyData
Result: NOTE
     'LazyData' is specified without a 'data' directory
Flavors: r-devel-linux-x86_64-debian-clang, r-devel-linux-x86_64-debian-gcc, r-devel-linux-x86_64-fedora-clang, r-devel-linux-x86_64-fedora-gcc, r-devel-windows-x86_64, r-patched-linux-x86_64, r-release-linux-x86_64, r-release-macos-arm64, r-release-macos-x86_64, r-release-windows-x86_64, r-oldrel-macos-arm64, r-oldrel-macos-x86_64, r-oldrel-windows-ix86+x86_64

Version: 1.0.1
Check: examples
Result: ERROR
    Running examples in ‘mptools-Ex.R’ failed
    The error most likely occurred in:
    
    > ### Name: kch
    > ### Title: Extract Metapop KCH
    > ### Aliases: kch
    >
    > ### ** Examples
    >
    > mp <- system.file('example.mp', package='mptools')
    > k <- kch(meta=meta(mp), path=dirname(mp))
    Extracting population metadata from file:
    /data/gannet/ripley/R/packages/tests-clang/mptools.Rcheck/mptools/example.mp
    Warning in gsub("[^[:print:]]", "", metapop[1]) :
     unable to translate 'Metapopulation input file (5.1) map=<ff>' to a wide string
    Error in gsub("[^[:print:]]", "", metapop[1]) : input string 1 is invalid
    Calls: kch ... path.expand -> file.path -> meta -> check_mp -> gsub
    Execution halted
Flavor: r-devel-linux-x86_64-fedora-clang

Version: 1.0.1
Check: re-building of vignette outputs
Result: ERROR
    Error(s) in re-building vignettes:
    --- re-building ‘intro.Rmd’ using rmarkdown
    Extracting simulation results from file:
    /data/gannet/ripley/R/packages/tests-clang/mptools.Rcheck/mptools/example.mp
    Quitting from lines 77-79 (intro.Rmd)
    Error: processing vignette 'intro.Rmd' failed with diagnostics:
    input string 1 is invalid
    --- failed re-building ‘intro.Rmd’
    
    SUMMARY: processing the following file failed:
     ‘intro.Rmd’
    
    Error: Vignette re-building failed.
    Execution halted
Flavor: r-devel-linux-x86_64-fedora-clang

Version: 1.0.1
Check: examples
Result: ERROR
    Running examples in ‘mptools-Ex.R’ failed
    The error most likely occurred in:
    
    > ### Name: kch
    > ### Title: Extract Metapop KCH
    > ### Aliases: kch
    >
    > ### ** Examples
    >
    > mp <- system.file('example.mp', package='mptools')
    > k <- kch(meta=meta(mp), path=dirname(mp))
    Extracting population metadata from file:
    /data/gannet/ripley/R/packages/tests-devel/mptools.Rcheck/mptools/example.mp
    Warning in gsub("[^[:print:]]", "", metapop[1]) :
     unable to translate 'Metapopulation input file (5.1) map=<ff>' to a wide string
    Error in gsub("[^[:print:]]", "", metapop[1]) : input string 1 is invalid
    Calls: kch ... path.expand -> file.path -> meta -> check_mp -> gsub
    Execution halted
Flavor: r-devel-linux-x86_64-fedora-gcc

Version: 1.0.1
Check: re-building of vignette outputs
Result: ERROR
    Error(s) in re-building vignettes:
    --- re-building ‘intro.Rmd’ using rmarkdown
    Extracting simulation results from file:
    /data/gannet/ripley/R/packages/tests-devel/mptools.Rcheck/mptools/example.mp
    Quitting from lines 77-79 (intro.Rmd)
    Error: processing vignette 'intro.Rmd' failed with diagnostics:
    input string 1 is invalid
    --- failed re-building ‘intro.Rmd’
    
    SUMMARY: processing the following file failed:
     ‘intro.Rmd’
    
    Error: Vignette re-building failed.
    Execution halted
Flavor: r-devel-linux-x86_64-fedora-gcc