CRAN Package Check Results for Package mpower

Last updated on 2023-11-28 13:51:00 CET.

Flavor Version Tinstall Tcheck Ttotal Status Flags
r-devel-linux-x86_64-debian-clang 0.1.0 7.57 70.14 77.71 OK
r-devel-linux-x86_64-debian-gcc 0.1.0 5.11 53.42 58.53 OK
r-devel-linux-x86_64-fedora-clang 0.1.0 94.61 OK
r-devel-linux-x86_64-fedora-gcc 0.1.0 90.19 OK
r-devel-windows-x86_64 0.1.0 9.00 81.00 90.00 OK
r-patched-linux-x86_64 0.1.0 5.31 66.73 72.04 OK
r-release-linux-x86_64 0.1.0 4.80 66.02 70.82 NOTE
r-release-macos-arm64 0.1.0 37.00 OK
r-release-macos-x86_64 0.1.0 57.00 OK
r-release-windows-x86_64 0.1.0 10.00 94.00 104.00 OK
r-oldrel-macos-arm64 0.1.0 37.00 OK
r-oldrel-macos-x86_64 0.1.0 52.00 OK
r-oldrel-windows-x86_64 0.1.0 11.00 94.00 105.00 OK

Check Details

Version: 0.1.0
Check: package dependencies
Result: NOTE Package suggested but not available for checking: ‘bws’ Flavor: r-release-linux-x86_64